CRAN Package Check Results for Package actuaryr

Last updated on 2025-07-04 07:49:21 CEST.

Flavor Version Tinstall Tcheck Ttotal Status Flags
r-devel-linux-x86_64-debian-clang 1.1.1 2.36 31.04 33.40 OK
r-devel-linux-x86_64-debian-gcc 1.1.1 1.74 24.89 26.63 OK
r-devel-linux-x86_64-fedora-clang 1.1.1 52.31 OK
r-devel-linux-x86_64-fedora-gcc 1.1.1 61.77 OK
r-devel-windows-x86_64 1.1.1 5.00 54.00 59.00 OK
r-patched-linux-x86_64 1.1.1 2.72 28.30 31.02 OK
r-release-linux-x86_64 1.1.1 2.20 28.70 30.90 OK
r-release-macos-arm64 1.1.1 38.00 OK
r-release-macos-x86_64 1.1.1 45.00 OK
r-release-windows-x86_64 1.1.1 4.00 53.00 57.00 OK
r-oldrel-macos-arm64 1.1.1 26.00 NOTE
r-oldrel-macos-x86_64 1.1.1 44.00 NOTE
r-oldrel-windows-x86_64 1.1.1 5.00 62.00 67.00 NOTE

Check Details

Version: 1.1.1
Check: LazyData
Result: NOTE 'LazyData' is specified without a 'data' directory Flavors: r-oldrel-macos-arm64, r-oldrel-macos-x86_64, r-oldrel-windows-x86_64