Last updated on 2025-07-04 07:49:21 CEST.
Flavor | Version | Tinstall | Tcheck | Ttotal | Status | Flags |
---|---|---|---|---|---|---|
r-devel-linux-x86_64-debian-clang | 2.1.11 | 27.10 | 195.73 | 222.83 | OK | |
r-devel-linux-x86_64-debian-gcc | 2.1.11 | 20.56 | 133.24 | 153.80 | OK | |
r-devel-linux-x86_64-fedora-clang | 2.1.11 | 345.26 | OK | |||
r-devel-linux-x86_64-fedora-gcc | 2.1.11 | 322.09 | OK | |||
r-devel-windows-x86_64 | 2.1.11 | 35.00 | 204.00 | 239.00 | OK | |
r-patched-linux-x86_64 | 2.1.11 | 31.98 | 182.67 | 214.65 | OK | |
r-release-linux-x86_64 | 2.1.11 | 25.44 | 181.70 | 207.14 | OK | |
r-release-macos-arm64 | 2.1.11 | 107.00 | OK | |||
r-release-macos-x86_64 | 2.1.11 | 178.00 | OK | |||
r-release-windows-x86_64 | 2.1.11 | 35.00 | 208.00 | 243.00 | OK | |
r-oldrel-macos-arm64 | 2.1.11 | 84.00 | NOTE | |||
r-oldrel-macos-x86_64 | 2.1.11 | 214.00 | OK | |||
r-oldrel-windows-x86_64 | 2.1.11 | 47.00 | 269.00 | 316.00 | OK |
Version: 2.1.11
Check: installed package size
Result: NOTE
installed size is 5.8Mb
sub-directories of 1Mb or more:
R 2.1Mb
data 1.3Mb
files 1.7Mb
Flavor: r-oldrel-macos-arm64