Last updated on 2025-07-05 18:49:04 CEST.
Flavor | Version | Tinstall | Tcheck | Ttotal | Status | Flags |
---|---|---|---|---|---|---|
r-devel-linux-x86_64-debian-clang | 1.1.1 | 4.96 | 67.34 | 72.30 | NOTE | |
r-devel-linux-x86_64-debian-gcc | 1.1.1 | 3.91 | 48.94 | 52.85 | NOTE | |
r-devel-linux-x86_64-fedora-clang | 1.1.1 | 115.55 | NOTE | |||
r-devel-linux-x86_64-fedora-gcc | 1.1.1 | 120.44 | NOTE | |||
r-devel-windows-x86_64 | 1.1.1 | 7.00 | 80.00 | 87.00 | NOTE | |
r-patched-linux-x86_64 | 1.1.1 | 4.77 | 62.44 | 67.21 | NOTE | |
r-release-linux-x86_64 | 1.1.1 | 5.15 | 62.41 | 67.56 | NOTE | |
r-release-macos-arm64 | 1.1.1 | 39.00 | NOTE | |||
r-release-macos-x86_64 | 1.1.1 | 73.00 | NOTE | |||
r-release-windows-x86_64 | 1.1.1 | 7.00 | 84.00 | 91.00 | NOTE | |
r-oldrel-macos-arm64 | 1.1.1 | 40.00 | NOTE | |||
r-oldrel-macos-x86_64 | 1.1.1 | 60.00 | NOTE | |||
r-oldrel-windows-x86_64 | 1.1.1 | 9.00 | 98.00 | 107.00 | NOTE |
Version: 1.1.1
Check: package subdirectories
Result: NOTE
Problems with news in ‘NEWS.md’:
No news entries found.
Flavors: r-devel-linux-x86_64-debian-clang, r-devel-linux-x86_64-debian-gcc, r-devel-linux-x86_64-fedora-clang, r-devel-linux-x86_64-fedora-gcc, r-devel-windows-x86_64, r-patched-linux-x86_64, r-release-linux-x86_64, r-release-macos-arm64, r-release-macos-x86_64, r-release-windows-x86_64, r-oldrel-macos-arm64, r-oldrel-macos-x86_64, r-oldrel-windows-x86_64