CRAN Package Check Results for Package alabama

Last updated on 2025-04-28 18:50:03 CEST.

Flavor Version Tinstall Tcheck Ttotal Status Flags
r-devel-linux-x86_64-debian-clang 2023.1.0 2.20 21.33 23.53 OK
r-devel-linux-x86_64-debian-gcc 2023.1.0 1.71 16.43 18.14 NOTE
r-devel-linux-x86_64-fedora-clang 2023.1.0 37.82 OK
r-devel-linux-x86_64-fedora-gcc 2023.1.0 35.54 OK
r-devel-windows-x86_64 2023.1.0 4.00 41.00 45.00 OK
r-patched-linux-x86_64 2023.1.0 2.48 20.62 23.10 OK
r-release-linux-x86_64 2023.1.0 2.05 20.48 22.53 OK
r-release-macos-arm64 2023.1.0 18.00 OK
r-release-macos-x86_64 2023.1.0 31.00 OK
r-release-windows-x86_64 2023.1.0 6.00 44.00 50.00 OK
r-oldrel-macos-arm64 2023.1.0 21.00 OK
r-oldrel-macos-x86_64 2023.1.0 25.00 OK
r-oldrel-windows-x86_64 2023.1.0 4.00 41.00 45.00 OK

Check Details

Version: 2023.1.0
Check: CRAN incoming feasibility
Result: NOTE Maintainer: ‘Ravi Varadhan <ravi.varadhan@jhu.edu>’ No Authors@R field in DESCRIPTION. Please add one, modifying Authors@R: person(given = "Ravi", family = "Varadhan", role = c("aut", "cre"), email = "ravi.varadhan@jhu.edu", comment = "with contributions from Gabor Grothendieck") as necessary. Flavor: r-devel-linux-x86_64-debian-gcc