Last updated on 2025-04-28 18:50:03 CEST.
Flavor | Version | Tinstall | Tcheck | Ttotal | Status | Flags |
---|---|---|---|---|---|---|
r-devel-linux-x86_64-debian-clang | 2.5.4 | 5.04 | 31.01 | 36.05 | NOTE | |
r-devel-linux-x86_64-debian-gcc | 2.5.4 | 3.29 | 23.20 | 26.49 | NOTE | |
r-devel-linux-x86_64-fedora-clang | 2.5.4 | 55.80 | OK | |||
r-devel-linux-x86_64-fedora-gcc | 2.5.4 | 53.96 | OK | |||
r-devel-windows-x86_64 | 2.5.4 | 5.00 | 51.00 | 56.00 | NOTE | |
r-patched-linux-x86_64 | 2.5.4 | 5.27 | 29.99 | 35.26 | NOTE | |
r-release-linux-x86_64 | 2.5.4 | 4.61 | 29.98 | 34.59 | NOTE | |
r-release-macos-arm64 | 2.5.4 | 22.00 | OK | |||
r-release-macos-x86_64 | 2.5.4 | 35.00 | OK | |||
r-release-windows-x86_64 | 2.5.4 | 7.00 | 58.00 | 65.00 | NOTE | |
r-oldrel-macos-arm64 | 2.5.4 | 19.00 | OK | |||
r-oldrel-macos-x86_64 | 2.5.4 | 30.00 | OK | |||
r-oldrel-windows-x86_64 | 2.5.4 | 6.00 | 50.00 | 56.00 | OK |
Version: 2.5.4
Check: Rd cross-references
Result: NOTE
Found the following Rd file(s) with Rd \link{} targets missing package
anchors:
amCluster.Rd: dynamicTreeCut, cutreeHybrid
Please provide package anchors for all Rd \link{} targets not in the
package itself and the base packages.
Flavors: r-devel-linux-x86_64-debian-clang, r-devel-linux-x86_64-debian-gcc, r-devel-windows-x86_64, r-patched-linux-x86_64, r-release-linux-x86_64, r-release-windows-x86_64
Version: 2.5.4
Check: CRAN incoming feasibility
Result: NOTE
Maintainer: ‘Todd Cross <todd.cross@gmail.com>’
No Authors@R field in DESCRIPTION.
Please add one, modifying
Authors@R: c(person(given = "Paul",
family = "Galpern",
role = "aut",
email = "pgalpern@gmail.com"),
person(given = "Todd",
family = "Cross",
role = "cre",
email = "todd.cross@gmail.com"))
as necessary.
Flavor: r-devel-linux-x86_64-debian-gcc