CRAN Package Check Results for Package amapro

Last updated on 2025-07-04 19:50:14 CEST.

Flavor Version Tinstall Tcheck Ttotal Status Flags
r-devel-linux-x86_64-debian-clang 0.1.3 2.61 33.21 35.82 NOTE
r-devel-linux-x86_64-debian-gcc 0.1.3 1.97 27.00 28.97 NOTE
r-devel-linux-x86_64-fedora-clang 0.1.3 52.05 OK
r-devel-linux-x86_64-fedora-gcc 0.1.3 63.61 OK
r-devel-windows-x86_64 0.1.3 5.00 53.00 58.00 OK
r-patched-linux-x86_64 0.1.3 2.88 29.53 32.41 NOTE
r-release-linux-x86_64 0.1.3 2.19 30.18 32.37 NOTE
r-release-macos-arm64 0.1.3 36.00 OK
r-release-macos-x86_64 0.1.3 53.00 OK
r-release-windows-x86_64 0.1.3 4.00 53.00 57.00 OK
r-oldrel-macos-arm64 0.1.3 34.00 OK
r-oldrel-macos-x86_64 0.1.3 43.00 OK
r-oldrel-windows-x86_64 0.1.3 6.00 60.00 66.00 OK

Check Details

Version: 0.1.3
Check: for unstated dependencies in ‘demo’
Result: NOTE '::' or ':::' import not declared from: ‘bslib’ 'library' or 'require' call not declared from: ‘shinyjs’ Flavors: r-devel-linux-x86_64-debian-clang, r-devel-linux-x86_64-debian-gcc, r-patched-linux-x86_64, r-release-linux-x86_64