CRAN Package Check Results for Package amelie

Last updated on 2025-07-05 07:49:20 CEST.

Flavor Version Tinstall Tcheck Ttotal Status Flags
r-devel-linux-x86_64-debian-clang 0.2.1 1.72 24.32 26.04 OK
r-devel-linux-x86_64-debian-gcc 0.2.1 1.43 19.78 21.21 OK
r-devel-linux-x86_64-fedora-clang 0.2.1 41.69 OK
r-devel-linux-x86_64-fedora-gcc 0.2.1 53.42 OK
r-devel-windows-x86_64 0.2.1 4.00 45.00 49.00 OK
r-patched-linux-x86_64 0.2.1 2.11 23.30 25.41 OK
r-release-linux-x86_64 0.2.1 1.78 23.04 24.82 OK
r-release-macos-arm64 0.2.1 23.00 OK
r-release-macos-x86_64 0.2.1 43.00 OK
r-release-windows-x86_64 0.2.1 3.00 45.00 48.00 OK
r-oldrel-macos-arm64 0.2.1 27.00 NOTE
r-oldrel-macos-x86_64 0.2.1 34.00 NOTE
r-oldrel-windows-x86_64 0.2.1 2.00 50.00 52.00 NOTE

Check Details

Version: 0.2.1
Check: LazyData
Result: NOTE 'LazyData' is specified without a 'data' directory Flavors: r-oldrel-macos-arm64, r-oldrel-macos-x86_64, r-oldrel-windows-x86_64