CRAN Package Check Results for Package analogsea

Last updated on 2025-04-28 18:50:03 CEST.

Flavor Version Tinstall Tcheck Ttotal Status Flags
r-devel-linux-x86_64-debian-clang 1.0.7.2 4.29 38.91 43.20 OK
r-devel-linux-x86_64-debian-gcc 1.0.7.2 3.25 29.85 33.10 OK
r-devel-linux-x86_64-fedora-clang 1.0.7.2 67.18 OK
r-devel-linux-x86_64-fedora-gcc 1.0.7.2 64.03 OK
r-devel-windows-x86_64 1.0.7.2 6.00 74.00 80.00 OK
r-patched-linux-x86_64 1.0.7.2 5.13 37.81 42.94 OK
r-release-linux-x86_64 1.0.7.2 3.93 37.75 41.68 OK
r-release-macos-arm64 1.0.7.2 30.00 OK
r-release-macos-x86_64 1.0.7.2 54.00 OK
r-release-windows-x86_64 1.0.7.2 7.00 74.00 81.00 OK
r-oldrel-macos-arm64 1.0.7.2 25.00 OK
r-oldrel-macos-x86_64 1.0.7.2 34.00 NOTE
r-oldrel-windows-x86_64 1.0.7.2 8.00 81.00 89.00 OK

Check Details

Version: 1.0.7.2
Check: package dependencies
Result: NOTE Package suggested but not available for checking: ‘arrow’ Flavor: r-oldrel-macos-x86_64