Last updated on 2025-04-28 18:50:03 CEST.
Flavor | Version | Tinstall | Tcheck | Ttotal | Status | Flags |
---|---|---|---|---|---|---|
r-devel-linux-x86_64-debian-clang | 2.7 | 4.91 | 40.97 | 45.88 | NOTE | |
r-devel-linux-x86_64-debian-gcc | 2.7 | 3.47 | 32.79 | 36.26 | NOTE | |
r-devel-linux-x86_64-fedora-clang | 2.7 | 70.86 | OK | |||
r-devel-linux-x86_64-fedora-gcc | 2.7 | 67.98 | OK | |||
r-devel-windows-x86_64 | 2.7 | 7.00 | 72.00 | 79.00 | OK | |
r-patched-linux-x86_64 | 2.7 | 6.81 | 40.67 | 47.48 | NOTE | |
r-release-linux-x86_64 | 2.7 | 4.50 | 40.05 | 44.55 | NOTE | |
r-release-macos-arm64 | 2.7 | 28.00 | OK | |||
r-release-macos-x86_64 | 2.7 | 45.00 | OK | |||
r-release-windows-x86_64 | 2.7 | 6.00 | 73.00 | 79.00 | OK | |
r-oldrel-macos-arm64 | 2.7 | 31.00 | OK | |||
r-oldrel-macos-x86_64 | 2.7 | 36.00 | OK | |||
r-oldrel-windows-x86_64 | 2.7 | 8.00 | 81.00 | 89.00 | OK |
Version: 2.7
Check: for unstated dependencies in ‘demo’
Result: NOTE
'library' or 'require' calls not declared from:
‘Cairo’ ‘fImport’ ‘rgl’ ‘zoo’
Flavors: r-devel-linux-x86_64-debian-clang, r-devel-linux-x86_64-debian-gcc, r-patched-linux-x86_64, r-release-linux-x86_64
Version: 2.7
Check: CRAN incoming feasibility
Result: NOTE
Maintainer: ‘Yihui Xie <xie@yihui.name>’
Package CITATION file contains call(s) to old-style personList() or
as.personList(). Please use c() on person objects instead.
Package CITATION file contains call(s) to old-style citEntry(). Please
use bibentry() instead.
Flavor: r-devel-linux-x86_64-debian-gcc