CRAN Package Check Results for Package asd

Last updated on 2025-07-04 07:49:22 CEST.

Flavor Version Tinstall Tcheck Ttotal Status Flags
r-devel-linux-x86_64-debian-clang 2.2 3.45 34.29 37.74 NOTE
r-devel-linux-x86_64-debian-gcc 2.2 2.70 24.84 27.54 NOTE
r-devel-linux-x86_64-fedora-clang 2.2 57.61 OK
r-devel-linux-x86_64-fedora-gcc 2.2 54.91 OK
r-devel-windows-x86_64 2.2 4.00 57.00 61.00 OK
r-patched-linux-x86_64 2.2 3.59 31.71 35.30 OK
r-release-linux-x86_64 2.2 3.40 31.70 35.10 OK
r-release-macos-arm64 2.2 20.00 OK
r-release-macos-x86_64 2.2 38.00 OK
r-release-windows-x86_64 2.2 4.00 58.00 62.00 OK
r-oldrel-macos-arm64 2.2 29.00 OK
r-oldrel-macos-x86_64 2.2 29.00 OK
r-oldrel-windows-x86_64 2.2 6.00 63.00 69.00 OK

Check Details

Version: 2.2
Check: CRAN incoming feasibility
Result: NOTE Maintainer: ‘Nick Parsons <nick.parsons@warwick.ac.uk>’ No Authors@R field in DESCRIPTION. Please add one, modifying Authors@R: person(given = "Nick", family = "Parsons", role = c("aut", "cre"), email = "nick.parsons@warwick.ac.uk") as necessary. Flavors: r-devel-linux-x86_64-debian-clang, r-devel-linux-x86_64-debian-gcc