Last updated on 2025-07-04 19:50:14 CEST.
Flavor | Version | Tinstall | Tcheck | Ttotal | Status | Flags |
---|---|---|---|---|---|---|
r-devel-linux-x86_64-debian-clang | 2.0.4 | 14.23 | 118.50 | 132.73 | NOTE | |
r-devel-linux-x86_64-debian-gcc | 2.0.4 | 10.33 | 85.77 | 96.10 | NOTE | |
r-devel-linux-x86_64-fedora-clang | 2.0.4 | 203.47 | OK | |||
r-devel-linux-x86_64-fedora-gcc | 2.0.4 | 207.14 | OK | |||
r-devel-windows-x86_64 | 2.0.4 | 17.00 | 119.00 | 136.00 | OK | |
r-patched-linux-x86_64 | 2.0.4 | 15.14 | 112.18 | 127.32 | OK | |
r-release-linux-x86_64 | 2.0.4 | 13.88 | 113.06 | 126.94 | OK | |
r-release-macos-arm64 | 2.0.4 | 60.00 | OK | |||
r-release-macos-x86_64 | 2.0.4 | 130.00 | OK | |||
r-release-windows-x86_64 | 2.0.4 | 15.00 | 121.00 | 136.00 | OK | |
r-oldrel-macos-arm64 | 2.0.4 | 58.00 | OK | |||
r-oldrel-macos-x86_64 | 2.0.4 | 94.00 | OK | |||
r-oldrel-windows-x86_64 | 2.0.4 | 20.00 | 157.00 | 177.00 | OK |
Version: 2.0.4
Check: CRAN incoming feasibility
Result: NOTE
Maintainer: ‘Berrie Zielman <berrie.zielman@gmail.com>’
No Authors@R field in DESCRIPTION.
Please add one, modifying
Authors@R: person(given = "Berrie",
family = "Zielman",
role = c("aut", "cre"),
email = "berrie.zielman@gmail.com")
as necessary.
Flavors: r-devel-linux-x86_64-debian-clang, r-devel-linux-x86_64-debian-gcc