Last updated on 2025-04-28 18:50:04 CEST.
Flavor | Version | Tinstall | Tcheck | Ttotal | Status | Flags |
---|---|---|---|---|---|---|
r-devel-linux-x86_64-debian-clang | 0.3-2 | 8.12 | 127.76 | 135.88 | OK | |
r-devel-linux-x86_64-debian-gcc | 0.3-2 | 5.89 | 87.64 | 93.53 | NOTE | |
r-devel-linux-x86_64-fedora-clang | 0.3-2 | 211.52 | OK | |||
r-devel-linux-x86_64-fedora-gcc | 0.3-2 | 215.99 | OK | |||
r-devel-windows-x86_64 | 0.3-2 | 11.00 | 125.00 | 136.00 | OK | |
r-patched-linux-x86_64 | 0.3-2 | 7.88 | 120.32 | 128.20 | OK | |
r-release-linux-x86_64 | 0.3-2 | 8.45 | 120.61 | 129.06 | OK | |
r-release-macos-arm64 | 0.3-2 | 77.00 | OK | |||
r-release-macos-x86_64 | 0.3-2 | 140.00 | OK | |||
r-release-windows-x86_64 | 0.3-2 | 9.00 | 123.00 | 132.00 | OK | |
r-oldrel-macos-arm64 | 0.3-2 | 65.00 | OK | |||
r-oldrel-macos-x86_64 | 0.3-2 | 97.00 | OK | |||
r-oldrel-windows-x86_64 | 0.3-2 | 12.00 | 159.00 | 171.00 | OK |
Version: 0.3-2
Check: CRAN incoming feasibility
Result: NOTE
Maintainer: ‘Peter Solymos <psolymos@gmail.com>’
No Authors@R field in DESCRIPTION.
Please add one, modifying
Authors@R: person(given = "Peter",
family = "Solymos",
role = c("aut", "cre"),
email = "psolymos@gmail.com",
comment = c(ORCID = "0000-0001-7337-1740"))
as necessary.
Flavor: r-devel-linux-x86_64-debian-gcc