CRAN Package Check Results for Package bayeslongitudinal

Last updated on 2025-07-04 07:49:22 CEST.

Flavor Version Tinstall Tcheck Ttotal Status Flags
r-devel-linux-x86_64-debian-clang 0.1.0 2.64 33.18 35.82 NOTE
r-devel-linux-x86_64-debian-gcc 0.1.0 1.90 25.67 27.57 NOTE
r-devel-linux-x86_64-fedora-clang 0.1.0 55.14 OK
r-devel-linux-x86_64-fedora-gcc 0.1.0 53.47 OK
r-devel-windows-x86_64 0.1.0 3.00 57.00 60.00 OK
r-patched-linux-x86_64 0.1.0 2.86 32.28 35.14 OK
r-release-linux-x86_64 0.1.0 2.59 32.25 34.84 OK
r-release-macos-arm64 0.1.0 26.00 OK
r-release-macos-x86_64 0.1.0 45.00 OK
r-release-windows-x86_64 0.1.0 3.00 59.00 62.00 OK
r-oldrel-macos-arm64 0.1.0 28.00 OK
r-oldrel-macos-x86_64 0.1.0 45.00 OK
r-oldrel-windows-x86_64 0.1.0 4.00 73.00 77.00 OK

Check Details

Version: 0.1.0
Check: CRAN incoming feasibility
Result: NOTE Maintainer: ‘Edwin Javier Castillo Carreño <edjcastilloca@unal.edu.co>’ No Authors@R field in DESCRIPTION. Please add one, modifying Authors@R: c(person(given = c("Edwin", "Javier", "Castillo"), family = "Carreño", role = c("aut", "cre"), email = "edjcastilloca@unal.edu.co"), person(given = c("Edilberto", "Cepeda"), family = "Cuervo", role = "aut")) as necessary. Flavors: r-devel-linux-x86_64-debian-clang, r-devel-linux-x86_64-debian-gcc