CRAN Package Check Results for Package benford.analysis

Last updated on 2025-07-04 07:49:22 CEST.

Flavor Version Tinstall Tcheck Ttotal Status Flags
r-devel-linux-x86_64-debian-clang 0.1.5 2.61 50.86 53.47 NOTE
r-devel-linux-x86_64-debian-gcc 0.1.5 1.97 40.28 42.25 NOTE
r-devel-linux-x86_64-fedora-clang 0.1.5 68.31 OK
r-devel-linux-x86_64-fedora-gcc 0.1.5 63.91 OK
r-devel-windows-x86_64 0.1.5 3.00 63.00 66.00 OK
r-patched-linux-x86_64 0.1.5 2.88 41.87 44.75 OK
r-release-linux-x86_64 0.1.5 2.43 40.77 43.20 OK
r-release-macos-arm64 0.1.5 26.00 OK
r-release-macos-x86_64 0.1.5 65.00 OK
r-release-windows-x86_64 0.1.5 4.00 64.00 68.00 OK
r-oldrel-macos-arm64 0.1.5 28.00 OK
r-oldrel-macos-x86_64 0.1.5 56.00 OK
r-oldrel-windows-x86_64 0.1.5 4.00 112.00 116.00 OK

Check Details

Version: 0.1.5
Check: CRAN incoming feasibility
Result: NOTE Maintainer: ‘Carlos Cinelli <carloscinelli@hotmail.com>’ No Authors@R field in DESCRIPTION. Please add one, modifying Authors@R: person(given = "Carlos", family = "Cinelli", role = c("aut", "cre"), email = "carloscinelli@hotmail.com") as necessary. Flavors: r-devel-linux-x86_64-debian-clang, r-devel-linux-x86_64-debian-gcc