Last updated on 2025-04-28 18:50:04 CEST.
Flavor | Version | Tinstall | Tcheck | Ttotal | Status | Flags |
---|---|---|---|---|---|---|
r-devel-linux-x86_64-debian-clang | 0.3-1 | 7.29 | 57.49 | 64.78 | OK | |
r-devel-linux-x86_64-debian-gcc | 0.3-1 | 4.60 | 43.45 | 48.05 | NOTE | |
r-devel-linux-x86_64-fedora-clang | 0.3-1 | 100.68 | OK | |||
r-devel-linux-x86_64-fedora-gcc | 0.3-1 | 96.88 | OK | |||
r-devel-windows-x86_64 | 0.3-1 | 8.00 | 72.00 | 80.00 | OK | |
r-patched-linux-x86_64 | 0.3-1 | 7.45 | 55.32 | 62.77 | OK | |
r-release-linux-x86_64 | 0.3-1 | 6.81 | 55.86 | 62.67 | OK | |
r-release-macos-arm64 | 0.3-1 | 33.00 | OK | |||
r-release-macos-x86_64 | 0.3-1 | 71.00 | OK | |||
r-release-windows-x86_64 | 0.3-1 | 7.00 | 72.00 | 79.00 | OK | |
r-oldrel-macos-arm64 | 0.3-1 | 32.00 | OK | |||
r-oldrel-macos-x86_64 | 0.3-1 | 47.00 | OK | |||
r-oldrel-windows-x86_64 | 0.3-1 | 10.00 | 80.00 | 90.00 | OK |
Version: 0.3-1
Check: CRAN incoming feasibility
Result: NOTE
Maintainer: ‘Giampiero Marra <giampiero.marra@ucl.ac.uk>’
No Authors@R field in DESCRIPTION.
Please add one, modifying
Authors@R: c(person(given = "Giampiero",
family = "Marra",
role = c("aut", "cre"),
email = "giampiero.marra@ucl.ac.uk"),
person(given = "Raffaella",
family = "Calabrese",
role = "aut"),
person(given = c("Silvia", "Angela"),
family = "Osmetti",
role = "aut"))
as necessary.
Package CITATION file contains call(s) to old-style citEntry(). Please
use bibentry() instead.
Flavor: r-devel-linux-x86_64-debian-gcc