Last updated on 2025-04-28 18:50:04 CEST.
Flavor | Version | Tinstall | Tcheck | Ttotal | Status | Flags |
---|---|---|---|---|---|---|
r-devel-linux-x86_64-debian-clang | 1.0.4 | 8.45 | 62.64 | 71.09 | OK | |
r-devel-linux-x86_64-debian-gcc | 1.0.4 | 5.48 | 47.45 | 52.93 | NOTE | |
r-devel-linux-x86_64-fedora-clang | 1.0.4 | 112.79 | OK | |||
r-devel-linux-x86_64-fedora-gcc | 1.0.4 | 107.60 | OK | |||
r-devel-windows-x86_64 | 1.0.4 | 8.00 | 79.00 | 87.00 | OK | |
r-patched-linux-x86_64 | 1.0.4 | 7.46 | 62.25 | 69.71 | OK | |
r-release-linux-x86_64 | 1.0.4 | 7.16 | 61.86 | 69.02 | OK | |
r-release-macos-arm64 | 1.0.4 | 44.00 | OK | |||
r-release-macos-x86_64 | 1.0.4 | 69.00 | OK | |||
r-release-windows-x86_64 | 1.0.4 | 9.00 | 81.00 | 90.00 | OK | |
r-oldrel-macos-arm64 | 1.0.4 | 35.00 | OK | |||
r-oldrel-macos-x86_64 | 1.0.4 | 64.00 | OK | |||
r-oldrel-windows-x86_64 | 1.0.4 | 12.00 | 94.00 | 106.00 | OK |
Version: 1.0.4
Check: CRAN incoming feasibility
Result: NOTE
Maintainer: ‘Samuel V. Scarpino <s.scarpino@northeastern.edu>’
No Authors@R field in DESCRIPTION.
Please add one, modifying
Authors@R: c(person(given = c("Samuel", "V."),
family = "Scarpino",
role = c("aut", "cre"),
email = "s.scarpino@northeastern.edu"),
person(given = "Paul",
family = "von Hippel",
role = "aut"),
person(given = "Igor",
family = "Holas",
role = "aut"))
as necessary.
Package CITATION file contains call(s) to old-style personList() or
as.personList(). Please use c() on person objects instead.
Package CITATION file contains call(s) to old-style citEntry(). Please
use bibentry() instead.
Found the following (possibly) invalid file URI:
URI: doi.org/10.1177/0081175015599807
From: inst/CITATION
Flavor: r-devel-linux-x86_64-debian-gcc