Last updated on 2025-04-28 18:50:04 CEST.
Flavor | Version | Tinstall | Tcheck | Ttotal | Status | Flags |
---|---|---|---|---|---|---|
r-devel-linux-x86_64-debian-clang | 1.3-0 | 1.58 | 32.19 | 33.77 | NOTE | |
r-devel-linux-x86_64-debian-gcc | 1.3-0 | 1.40 | 24.13 | 25.53 | NOTE | |
r-devel-linux-x86_64-fedora-clang | 1.3-0 | 52.81 | OK | |||
r-devel-linux-x86_64-fedora-gcc | 1.3-0 | 48.69 | OK | |||
r-devel-windows-x86_64 | 1.3-0 | 3.00 | 49.00 | 52.00 | OK | |
r-patched-linux-x86_64 | 1.3-0 | 1.72 | 30.10 | 31.82 | NOTE | |
r-release-linux-x86_64 | 1.3-0 | 1.83 | 29.99 | 31.82 | NOTE | |
r-release-macos-arm64 | 1.3-0 | 19.00 | OK | |||
r-release-macos-x86_64 | 1.3-0 | 50.00 | OK | |||
r-release-windows-x86_64 | 1.3-0 | 3.00 | 56.00 | 59.00 | OK | |
r-oldrel-macos-arm64 | 1.3-0 | 26.00 | OK | |||
r-oldrel-macos-x86_64 | 1.3-0 | 33.00 | OK | |||
r-oldrel-windows-x86_64 | 1.3-0 | 4.00 | 56.00 | 60.00 | OK |
Version: 1.3-0
Check: for unstated dependencies in ‘demo’
Result: NOTE
'library' or 'require' call not declared from: ‘survival’
Flavors: r-devel-linux-x86_64-debian-clang, r-devel-linux-x86_64-debian-gcc, r-patched-linux-x86_64, r-release-linux-x86_64
Version: 1.3-0
Check: CRAN incoming feasibility
Result: NOTE
Maintainer: ‘Dimitris Rizopoulos <d.rizopoulos@erasmusmc.nl>’
No Authors@R field in DESCRIPTION.
Please add one, modifying
Authors@R: person(given = "Dimitris",
family = "Rizopoulos",
role = c("aut", "cre"),
email = "d.rizopoulos@erasmusmc.nl")
as necessary.
Flavor: r-devel-linux-x86_64-debian-gcc
Version: 1.3-0
Check: examples
Result: NOTE
Examples with CPU (user + system) or elapsed time > 5s
user system elapsed
boot.stepAIC 7.117 0.03 7.927
Flavor: r-devel-linux-x86_64-debian-gcc