CRAN Package Check Results for Package brainGraph

Last updated on 2025-07-04 07:49:23 CEST.

Flavor Version Tinstall Tcheck Ttotal Status Flags
r-devel-linux-x86_64-debian-clang 3.1.0 25.34 124.99 150.33 NOTE
r-devel-linux-x86_64-debian-gcc 3.1.0 17.73 82.45 100.18 NOTE
r-devel-linux-x86_64-fedora-clang 3.1.0 232.09 OK
r-devel-linux-x86_64-fedora-gcc 3.1.0 231.16 OK
r-devel-windows-x86_64 3.1.0 25.00 127.00 152.00 NOTE
r-patched-linux-x86_64 3.1.0 26.57 115.14 141.71 NOTE
r-release-linux-x86_64 3.1.0 22.67 114.96 137.63 NOTE
r-release-macos-arm64 3.1.0 62.00 OK
r-release-macos-x86_64 3.1.0 120.00 OK
r-release-windows-x86_64 3.1.0 26.00 131.00 157.00 NOTE
r-oldrel-macos-arm64 3.1.0 59.00 OK
r-oldrel-macos-x86_64 3.1.0 92.00 OK
r-oldrel-windows-x86_64 3.1.0 35.00 164.00 199.00 OK

Check Details

Version: 3.1.0
Check: Rd cross-references
Result: NOTE Found the following Rd file(s) with Rd \link{} targets missing package anchors: plot_global.Rd: data.table Please provide package anchors for all Rd \link{} targets not in the package itself and the base packages. Flavors: r-devel-linux-x86_64-debian-clang, r-devel-linux-x86_64-debian-gcc, r-devel-windows-x86_64, r-patched-linux-x86_64, r-release-linux-x86_64, r-release-windows-x86_64