Last updated on 2025-07-04 07:49:23 CEST.
Flavor | Version | Tinstall | Tcheck | Ttotal | Status | Flags |
---|---|---|---|---|---|---|
r-devel-linux-x86_64-debian-clang | 0.3-0 | 6.33 | 49.85 | 56.18 | NOTE | |
r-devel-linux-x86_64-debian-gcc | 0.3-0 | 4.72 | 38.18 | 42.90 | NOTE | |
r-devel-linux-x86_64-fedora-clang | 0.3-0 | 85.77 | OK | |||
r-devel-linux-x86_64-fedora-gcc | 0.3-0 | 80.19 | OK | |||
r-devel-windows-x86_64 | 0.3-0 | 7.00 | 60.00 | 67.00 | OK | |
r-patched-linux-x86_64 | 0.3-0 | 6.20 | 47.60 | 53.80 | OK | |
r-release-linux-x86_64 | 0.3-0 | 5.25 | 46.87 | 52.12 | OK | |
r-release-macos-arm64 | 0.3-0 | 31.00 | OK | |||
r-release-macos-x86_64 | 0.3-0 | 65.00 | OK | |||
r-release-windows-x86_64 | 0.3-0 | 8.00 | 63.00 | 71.00 | OK | |
r-oldrel-macos-arm64 | 0.3-0 | 27.00 | OK | |||
r-oldrel-macos-x86_64 | 0.3-0 | 45.00 | OK | |||
r-oldrel-windows-x86_64 | 0.3-0 | 9.00 | 73.00 | 82.00 | OK |
Version: 0.3-0
Check: CRAN incoming feasibility
Result: NOTE
Maintainer: ‘Benjamin Schlegel <kontakt@benjaminschlegel.ch>’
No Authors@R field in DESCRIPTION.
Please add one, modifying
Authors@R: c(person(given = "Benjamin",
family = "Schlegel",
role = c("aut", "cre"),
email = "kontakt@benjaminschlegel.ch"),
person(given = "Marco",
family = "Steenbergen",
role = "aut"))
as necessary.
Flavors: r-devel-linux-x86_64-debian-clang, r-devel-linux-x86_64-debian-gcc