Last updated on 2025-04-28 18:50:04 CEST.
Flavor | Version | Tinstall | Tcheck | Ttotal | Status | Flags |
---|---|---|---|---|---|---|
r-devel-linux-x86_64-debian-clang | 0.3-0 | 6.38 | 48.87 | 55.25 | OK | |
r-devel-linux-x86_64-debian-gcc | 0.3-0 | 4.79 | 37.35 | 42.14 | NOTE | |
r-devel-linux-x86_64-fedora-clang | 0.3-0 | 87.17 | OK | |||
r-devel-linux-x86_64-fedora-gcc | 0.3-0 | 80.79 | OK | |||
r-devel-windows-x86_64 | 0.3-0 | 7.00 | 61.00 | 68.00 | OK | |
r-patched-linux-x86_64 | 0.3-0 | 5.69 | 47.64 | 53.33 | OK | |
r-release-linux-x86_64 | 0.3-0 | 5.49 | 47.73 | 53.22 | OK | |
r-release-macos-arm64 | 0.3-0 | 31.00 | OK | |||
r-release-macos-x86_64 | 0.3-0 | 65.00 | OK | |||
r-release-windows-x86_64 | 0.3-0 | 7.00 | 61.00 | 68.00 | OK | |
r-oldrel-macos-arm64 | 0.3-0 | 27.00 | OK | |||
r-oldrel-macos-x86_64 | 0.3-0 | 45.00 | OK | |||
r-oldrel-windows-x86_64 | 0.3-0 | 8.00 | 71.00 | 79.00 | OK |
Version: 0.3-0
Check: CRAN incoming feasibility
Result: NOTE
Maintainer: ‘Benjamin Schlegel <kontakt@benjaminschlegel.ch>’
No Authors@R field in DESCRIPTION.
Please add one, modifying
Authors@R: c(person(given = "Benjamin",
family = "Schlegel",
role = c("aut", "cre"),
email = "kontakt@benjaminschlegel.ch"),
person(given = "Marco",
family = "Steenbergen",
role = "aut"))
as necessary.
Flavor: r-devel-linux-x86_64-debian-gcc