CRAN Package Check Results for Package bspcov

Last updated on 2025-04-28 18:50:04 CEST.

Flavor Version Tinstall Tcheck Ttotal Status Flags
r-devel-linux-x86_64-debian-clang 1.0.1 17.07 145.17 162.24 OK
r-devel-linux-x86_64-debian-gcc 1.0.1 13.72 106.83 120.55 NOTE
r-devel-linux-x86_64-fedora-clang 1.0.1 253.45 OK
r-devel-linux-x86_64-fedora-gcc 1.0.1 245.99 OK
r-devel-windows-x86_64 1.0.1 19.00 140.00 159.00 OK
r-patched-linux-x86_64 1.0.1 17.76 142.23 159.99 OK
r-release-linux-x86_64 1.0.1 15.83 140.86 156.69 OK
r-release-macos-arm64 1.0.1 66.00 OK
r-release-macos-x86_64 1.0.1 124.00 OK
r-release-windows-x86_64 1.0.1 17.00 140.00 157.00 OK
r-oldrel-macos-arm64 1.0.1 218.00 OK
r-oldrel-macos-x86_64 1.0.1 253.00 OK
r-oldrel-windows-x86_64 1.0.1 24.00 193.00 217.00 OK

Check Details

Version: 1.0.1
Check: examples
Result: NOTE Examples with CPU (user + system) or elapsed time > 5s user system elapsed summary.bspcov 5.209 0.252 7.353 sbmspcov 5.021 0.337 7.194 Flavor: r-devel-linux-x86_64-debian-gcc