CRAN Package Check Results for Package bullwhipgame

Last updated on 2025-04-28 18:50:04 CEST.

Flavor Version Tinstall Tcheck Ttotal Status Flags
r-devel-linux-x86_64-debian-clang 0.1.0 1.75 15.64 17.39 OK
r-devel-linux-x86_64-debian-gcc 0.1.0 1.25 13.66 14.91 NOTE
r-devel-linux-x86_64-fedora-clang 0.1.0 28.65 OK
r-devel-linux-x86_64-fedora-gcc 0.1.0 26.80 OK
r-devel-windows-x86_64 0.1.0 4.00 37.00 41.00 OK
r-patched-linux-x86_64 0.1.0 1.70 15.75 17.45 OK
r-release-linux-x86_64 0.1.0 1.57 15.86 17.43 OK
r-release-macos-arm64 0.1.0 18.00 OK
r-release-macos-x86_64 0.1.0 24.00 OK
r-release-windows-x86_64 0.1.0 4.00 37.00 41.00 OK
r-oldrel-macos-arm64 0.1.0 13.00 NOTE
r-oldrel-macos-x86_64 0.1.0 19.00 NOTE
r-oldrel-windows-x86_64 0.1.0 4.00 41.00 45.00 NOTE

Check Details

Version: 0.1.0
Check: CRAN incoming feasibility
Result: NOTE Maintainer: ‘Marlene Marchena <marchenamarlene@gmail.com>’ No Authors@R field in DESCRIPTION. Please add one, modifying Authors@R: person(given = "Marlene", family = "Marchena", role = c("aut", "cre"), email = "marchenamarlene@gmail.com") as necessary. The Description field contains <arXiv:1009.3977>. Please refer to arXiv e-prints via their arXiv DOI <doi:10.48550/arXiv.YYMM.NNNNN>. Flavor: r-devel-linux-x86_64-debian-gcc

Version: 0.1.0
Check: LazyData
Result: NOTE 'LazyData' is specified without a 'data' directory Flavors: r-oldrel-macos-arm64, r-oldrel-macos-x86_64, r-oldrel-windows-x86_64