Last updated on 2025-07-04 19:50:15 CEST.
Flavor | Version | Tinstall | Tcheck | Ttotal | Status | Flags |
---|---|---|---|---|---|---|
r-devel-linux-x86_64-debian-clang | 0.1.0 | 8.57 | 51.99 | 60.56 | OK | |
r-devel-linux-x86_64-debian-gcc | 0.1.0 | 6.02 | 38.52 | 44.54 | OK | |
r-devel-linux-x86_64-fedora-clang | 0.1.0 | 93.44 | NOTE | |||
r-devel-linux-x86_64-fedora-gcc | 0.1.0 | 115.87 | NOTE | |||
r-devel-windows-x86_64 | 0.1.0 | 10.00 | 70.00 | 80.00 | OK | |
r-patched-linux-x86_64 | 0.1.0 | 8.92 | 47.03 | 55.95 | OK | |
r-release-linux-x86_64 | 0.1.0 | 7.89 | 46.46 | 54.35 | OK | |
r-release-macos-arm64 | 0.1.0 | 42.00 | OK | |||
r-release-macos-x86_64 | 0.1.0 | 85.00 | OK | |||
r-release-windows-x86_64 | 0.1.0 | 11.00 | 70.00 | 81.00 | OK | |
r-oldrel-macos-arm64 | 0.1.0 | 40.00 | NOTE | |||
r-oldrel-macos-x86_64 | 0.1.0 | 67.00 | NOTE | |||
r-oldrel-windows-x86_64 | 0.1.0 | 14.00 | 81.00 | 95.00 | NOTE |
Version: 0.1.0
Check: dependencies in R code
Result: NOTE
Namespaces in Imports field not imported from:
‘R6’ ‘crayon’ ‘dplyr’ ‘tidyr’
All declared Imports should be used.
Flavors: r-devel-linux-x86_64-fedora-clang, r-devel-linux-x86_64-fedora-gcc
Version: 0.1.0
Check: LazyData
Result: NOTE
'LazyData' is specified without a 'data' directory
Flavors: r-oldrel-macos-arm64, r-oldrel-macos-x86_64, r-oldrel-windows-x86_64