CRAN Package Check Results for Package causalsens

Last updated on 2025-04-28 18:50:05 CEST.

Flavor Version Tinstall Tcheck Ttotal Status Flags
r-devel-linux-x86_64-debian-clang 0.1.3 2.03 23.64 25.67 OK
r-devel-linux-x86_64-debian-gcc 0.1.3 1.49 19.84 21.33 NOTE
r-devel-linux-x86_64-fedora-clang 0.1.3 40.39 OK
r-devel-linux-x86_64-fedora-gcc 0.1.3 52.62 OK
r-devel-windows-x86_64 0.1.3 3.00 45.00 48.00 OK
r-patched-linux-x86_64 0.1.3 2.13 23.09 25.22 OK
r-release-linux-x86_64 0.1.3 1.91 23.55 25.46 OK
r-release-macos-arm64 0.1.3 35.00 OK
r-release-macos-x86_64 0.1.3 42.00 OK
r-release-windows-x86_64 0.1.3 3.00 49.00 52.00 OK
r-oldrel-macos-arm64 0.1.3 28.00 OK
r-oldrel-macos-x86_64 0.1.3 39.00 OK
r-oldrel-windows-x86_64 0.1.3 3.00 50.00 53.00 OK

Check Details

Version: 0.1.3
Check: CRAN incoming feasibility
Result: NOTE Maintainer: ‘Matthew Blackwell <mblackwell@gov.harvard.edu>’ No Authors@R field in DESCRIPTION. Please add one, modifying Authors@R: person(given = "Matthew", family = "Blackwell", role = c("aut", "cre"), email = "mblackwell@gov.harvard.edu.edu") as necessary. Flavor: r-devel-linux-x86_64-debian-gcc