Last updated on 2025-04-28 18:50:05 CEST.
Flavor | Version | Tinstall | Tcheck | Ttotal | Status | Flags |
---|---|---|---|---|---|---|
r-devel-linux-x86_64-debian-clang | 1.0 | 2.40 | 28.41 | 30.81 | OK | |
r-devel-linux-x86_64-debian-gcc | 1.0 | 1.80 | 21.56 | 23.36 | NOTE | |
r-devel-linux-x86_64-fedora-clang | 1.0 | 48.84 | OK | |||
r-devel-linux-x86_64-fedora-gcc | 1.0 | 47.33 | OK | |||
r-devel-windows-x86_64 | 1.0 | 3.00 | 54.00 | 57.00 | OK | |
r-patched-linux-x86_64 | 1.0 | 2.44 | 27.78 | 30.22 | OK | |
r-release-linux-x86_64 | 1.0 | 2.39 | 28.03 | 30.42 | OK | |
r-release-macos-arm64 | 1.0 | 19.00 | OK | |||
r-release-macos-x86_64 | 1.0 | 35.00 | OK | |||
r-release-windows-x86_64 | 1.0 | 4.00 | 55.00 | 59.00 | OK | |
r-oldrel-macos-arm64 | 1.0 | 21.00 | OK | |||
r-oldrel-macos-x86_64 | 1.0 | 34.00 | OK | |||
r-oldrel-windows-x86_64 | 1.0 | 3.00 | 62.00 | 65.00 | OK |
Version: 1.0
Check: CRAN incoming feasibility
Result: NOTE
Maintainer: ‘Michael B. Sohn <msohn@mail.med.upenn.edu>’
No Authors@R field in DESCRIPTION.
Please add one, modifying
Authors@R: person(given = c("Michael", "B."),
family = "Sohn",
role = c("aut", "cre"),
email = "msohn@mail.med.upenn.edu")
as necessary.
Flavor: r-devel-linux-x86_64-debian-gcc