Last updated on 2025-04-29 06:49:38 CEST.
Flavor | Version | Tinstall | Tcheck | Ttotal | Status | Flags |
---|---|---|---|---|---|---|
r-devel-linux-x86_64-debian-clang | 0.1.4 | 22.24 | 196.19 | 218.43 | OK | |
r-devel-linux-x86_64-debian-gcc | 0.1.4 | 14.65 | 120.15 | 134.80 | NOTE | |
r-devel-linux-x86_64-fedora-clang | 0.1.4 | 363.35 | OK | |||
r-devel-linux-x86_64-fedora-gcc | 0.1.4 | 355.67 | OK | |||
r-devel-windows-x86_64 | 0.1.4 | 21.00 | 153.00 | 174.00 | OK | |
r-patched-linux-x86_64 | 0.1.4 | 21.60 | 182.67 | 204.27 | OK | |
r-release-linux-x86_64 | 0.1.4 | 20.26 | 183.03 | 203.29 | OK | |
r-release-macos-arm64 | 0.1.4 | 88.00 | OK | |||
r-release-macos-x86_64 | 0.1.4 | 206.00 | OK | |||
r-release-windows-x86_64 | 0.1.4 | 22.00 | 155.00 | 177.00 | OK | |
r-oldrel-macos-arm64 | 0.1.4 | 73.00 | OK | |||
r-oldrel-macos-x86_64 | 0.1.4 | 133.00 | OK | |||
r-oldrel-windows-x86_64 | 0.1.4 | 29.00 | 212.00 | 241.00 | OK |
Version: 0.1.4
Check: CRAN incoming feasibility
Result: NOTE
Maintainer: ‘Kauê de Sousa <kaue.desousa@inn.no>’
Package CITATION file contains call(s) to old-style citEntry(). Please
use bibentry() instead.
Flavor: r-devel-linux-x86_64-debian-gcc