Last updated on 2025-04-28 18:50:05 CEST.
Flavor | Version | Tinstall | Tcheck | Ttotal | Status | Flags |
---|---|---|---|---|---|---|
r-devel-linux-x86_64-debian-clang | 2024.11-15 | 64.26 | 180.21 | 244.47 | OK | |
r-devel-linux-x86_64-debian-gcc | 2024.11-15 | 45.30 | 111.93 | 157.23 | NOTE | |
r-devel-linux-x86_64-fedora-clang | 2024.11-15 | 433.42 | OK | |||
r-devel-linux-x86_64-fedora-gcc | 2024.11-15 | 402.68 | OK | |||
r-devel-windows-x86_64 | 2024.11-15 | 76.00 | 180.00 | 256.00 | OK | |
r-patched-linux-x86_64 | 2024.11-15 | 66.18 | 172.04 | 238.22 | OK | |
r-release-linux-x86_64 | 2024.11-15 | 64.41 | 174.45 | 238.86 | OK | |
r-release-macos-arm64 | 2024.11-15 | 109.00 | OK | |||
r-release-macos-x86_64 | 2024.11-15 | 223.00 | OK | |||
r-release-windows-x86_64 | 2024.11-15 | 75.00 | 171.00 | 246.00 | OK | |
r-oldrel-macos-arm64 | 2024.11-15 | 246.00 | OK | |||
r-oldrel-macos-x86_64 | 2024.11-15 | 290.00 | OK | |||
r-oldrel-windows-x86_64 | 2024.11-15 | 93.00 | 249.00 | 342.00 | OK |
Version: 2024.11-15
Check: examples
Result: NOTE
Examples with CPU (user + system) or elapsed time > 5s
user system elapsed
chngptm 4.568 0.013 5.798
Flavor: r-devel-linux-x86_64-debian-gcc