CRAN Package Check Results for Package cicerone

Last updated on 2025-07-04 07:49:23 CEST.

Flavor Version Tinstall Tcheck Ttotal Status Flags
r-devel-linux-x86_64-debian-clang 1.0.4 3.41 34.33 37.74 OK
r-devel-linux-x86_64-debian-gcc 1.0.4 2.72 26.62 29.34 OK
r-devel-linux-x86_64-fedora-clang 1.0.4 55.94 NOTE
r-devel-linux-x86_64-fedora-gcc 1.0.4 53.57 NOTE
r-devel-windows-x86_64 1.0.4 4.00 56.00 60.00 OK
r-patched-linux-x86_64 1.0.4 3.94 31.39 35.33 OK
r-release-linux-x86_64 1.0.4 3.59 30.95 34.54 OK
r-release-macos-arm64 1.0.4 25.00 OK
r-release-macos-x86_64 1.0.4 39.00 OK
r-release-windows-x86_64 1.0.4 5.00 56.00 61.00 OK
r-oldrel-macos-arm64 1.0.4 22.00 NOTE
r-oldrel-macos-x86_64 1.0.4 30.00 NOTE
r-oldrel-windows-x86_64 1.0.4 6.00 63.00 69.00 NOTE

Check Details

Version: 1.0.4
Check: dependencies in R code
Result: NOTE Namespace in Imports field not imported from: ‘R6’ All declared Imports should be used. Flavors: r-devel-linux-x86_64-fedora-clang, r-devel-linux-x86_64-fedora-gcc

Version: 1.0.4
Check: LazyData
Result: NOTE 'LazyData' is specified without a 'data' directory Flavors: r-oldrel-macos-arm64, r-oldrel-macos-x86_64, r-oldrel-windows-x86_64