Last updated on 2025-04-28 18:50:05 CEST.
Flavor | Version | Tinstall | Tcheck | Ttotal | Status | Flags |
---|---|---|---|---|---|---|
r-devel-linux-x86_64-debian-clang | 0.7-6 | 3.31 | 42.82 | 46.13 | OK | |
r-devel-linux-x86_64-debian-gcc | 0.7-6 | 3.26 | 32.56 | 35.82 | NOTE | |
r-devel-linux-x86_64-fedora-clang | 0.7-6 | 80.95 | OK | |||
r-devel-linux-x86_64-fedora-gcc | 0.7-6 | 70.23 | OK | |||
r-devel-windows-x86_64 | 0.7-6 | 5.00 | 61.00 | 66.00 | OK | |
r-patched-linux-x86_64 | 0.7-6 | 3.55 | 42.60 | 46.15 | OK | |
r-release-linux-x86_64 | 0.7-6 | 3.60 | 42.49 | 46.09 | OK | |
r-release-macos-arm64 | 0.7-6 | 28.00 | OK | |||
r-release-macos-x86_64 | 0.7-6 | 41.00 | OK | |||
r-release-windows-x86_64 | 0.7-6 | 4.00 | 61.00 | 65.00 | OK | |
r-oldrel-macos-arm64 | 0.7-6 | 25.00 | OK | |||
r-oldrel-macos-x86_64 | 0.7-6 | 42.00 | OK | |||
r-oldrel-windows-x86_64 | 0.7-6 | 5.00 | 68.00 | 73.00 | OK |
Version: 0.7-6
Check: CRAN incoming feasibility
Result: NOTE
Maintainer: ‘Martin Maechler <maechler@stat.math.ethz.ch>’
No Authors@R field in DESCRIPTION.
Please add one, modifying
Authors@R: c(person(given = c("Martin", "Maechler", "partly", "based", "on", "code", "from", "Robert"),
family = "Gentleman",
role = "aut"),
person(given = "Martin",
family = "Maechler",
role = "cre",
email = "maechler@stat.math.ethz.ch"))
as necessary.
Flavor: r-devel-linux-x86_64-debian-gcc