Last updated on 2025-04-28 18:50:05 CEST.
Flavor | Version | Tinstall | Tcheck | Ttotal | Status | Flags |
---|---|---|---|---|---|---|
r-devel-linux-x86_64-debian-clang | 1.6.2 | 12.11 | 174.40 | 186.51 | OK | |
r-devel-linux-x86_64-debian-gcc | 1.6.2 | 8.32 | 123.27 | 131.59 | NOTE | |
r-devel-linux-x86_64-fedora-clang | 1.6.2 | 321.73 | OK | |||
r-devel-linux-x86_64-fedora-gcc | 1.6.2 | 291.22 | OK | |||
r-devel-windows-x86_64 | 1.6.2 | 17.00 | 196.00 | 213.00 | OK | |
r-patched-linux-x86_64 | 1.6.2 | 13.31 | 170.19 | 183.50 | OK | |
r-release-linux-x86_64 | 1.6.2 | 11.79 | 168.67 | 180.46 | OK | |
r-release-macos-arm64 | 1.6.2 | 135.00 | OK | |||
r-release-macos-x86_64 | 1.6.2 | 118.00 | OK | |||
r-release-windows-x86_64 | 1.6.2 | 14.00 | 196.00 | 210.00 | OK | |
r-oldrel-macos-arm64 | 1.6.2 | 85.00 | NOTE | |||
r-oldrel-macos-x86_64 | 1.6.2 | 149.00 | NOTE | |||
r-oldrel-windows-x86_64 | 1.6.2 | 22.00 | 267.00 | 289.00 | NOTE |
Version: 1.6.2
Check: examples
Result: NOTE
Examples with CPU (user + system) or elapsed time > 5s
user system elapsed
scatterplotClinData 6.464 0.148 7.783
Flavor: r-devel-linux-x86_64-debian-gcc
Version: 1.6.2
Check: installed package size
Result: NOTE
installed size is 5.7Mb
sub-directories of 1Mb or more:
doc 4.3Mb
Flavors: r-oldrel-macos-arm64, r-oldrel-macos-x86_64, r-oldrel-windows-x86_64