CRAN Package Check Results for Package clinUtils

Last updated on 2025-04-29 06:49:38 CEST.

Flavor Version Tinstall Tcheck Ttotal Status Flags
r-devel-linux-x86_64-debian-clang 0.2.0 7.55 94.36 101.91 NOTE
r-devel-linux-x86_64-debian-gcc 0.2.0 4.64 65.91 70.55 NOTE
r-devel-linux-x86_64-fedora-clang 0.2.0 162.61 OK
r-devel-linux-x86_64-fedora-gcc 0.2.0 159.14 OK
r-devel-windows-x86_64 0.2.0 9.00 114.00 123.00 NOTE
r-patched-linux-x86_64 0.2.0 8.32 89.83 98.15 NOTE
r-release-linux-x86_64 0.2.0 6.93 89.38 96.31 NOTE
r-release-macos-arm64 0.2.0 57.00 OK
r-release-macos-x86_64 0.2.0 102.00 OK
r-release-windows-x86_64 0.2.0 11.00 110.00 121.00 NOTE
r-oldrel-macos-arm64 0.2.0 56.00 NOTE
r-oldrel-macos-x86_64 0.2.0 81.00 NOTE
r-oldrel-windows-x86_64 0.2.0 11.00 140.00 151.00 NOTE

Check Details

Version: 0.2.0
Check: Rd cross-references
Result: NOTE Found the following Rd file(s) with Rd \link{} targets missing package anchors: knitPrintListObjects.Rd: knitr Please provide package anchors for all Rd \link{} targets not in the package itself and the base packages. Flavors: r-devel-linux-x86_64-debian-clang, r-devel-linux-x86_64-debian-gcc, r-devel-windows-x86_64, r-patched-linux-x86_64, r-release-linux-x86_64, r-release-windows-x86_64

Version: 0.2.0
Check: installed package size
Result: NOTE installed size is 7.6Mb sub-directories of 1Mb or more: doc 6.5Mb Flavors: r-oldrel-macos-arm64, r-oldrel-macos-x86_64, r-oldrel-windows-x86_64