CRAN Package Check Results for Package clusTransition

Last updated on 2025-07-05 07:49:22 CEST.

Flavor Version Tinstall Tcheck Ttotal Status Flags
r-devel-linux-x86_64-debian-clang 1.0 5.78 39.23 45.01 NOTE
r-devel-linux-x86_64-debian-gcc 1.0 4.33 30.31 34.64 NOTE
r-devel-linux-x86_64-fedora-clang 1.0 69.66 OK
r-devel-linux-x86_64-fedora-gcc 1.0 66.21 OK
r-devel-windows-x86_64 1.0 7.00 59.00 66.00 OK
r-patched-linux-x86_64 1.0 5.96 37.68 43.64 OK
r-release-linux-x86_64 1.0 5.40 37.47 42.87 OK
r-release-macos-arm64 1.0 22.00 OK
r-release-macos-x86_64 1.0 42.00 OK
r-release-windows-x86_64 1.0 6.00 61.00 67.00 OK
r-oldrel-macos-arm64 1.0 26.00 OK
r-oldrel-macos-x86_64 1.0 43.00 OK
r-oldrel-windows-x86_64 1.0 10.00 66.00 76.00 OK

Check Details

Version: 1.0
Check: CRAN incoming feasibility
Result: NOTE Maintainer: ‘Muhammad Atif <muhammad96_atif@yahoo.com>’ No Authors@R field in DESCRIPTION. Please add one, modifying Authors@R: person(given = "Muhammad", family = "Atif", role = c("aut", "cre"), email = "muhammad96_atif@yahoo.com") as necessary. Package CITATION file contains call(s) to old-style citEntry(). Please use bibentry() instead. Flavors: r-devel-linux-x86_64-debian-clang, r-devel-linux-x86_64-debian-gcc