CRAN Package Check Results for Package clustMD

Last updated on 2025-04-29 18:50:39 CEST.

Flavor Version Tinstall Tcheck Ttotal Status Flags
r-devel-linux-x86_64-debian-clang 1.2.1 7.92 56.61 64.53 NOTE
r-devel-linux-x86_64-debian-gcc 1.2.1 5.48 39.11 44.59 NOTE
r-devel-linux-x86_64-fedora-clang 1.2.1 90.78 NOTE
r-devel-linux-x86_64-fedora-gcc 1.2.1 83.86 NOTE
r-devel-windows-x86_64 1.2.1 9.00 70.00 79.00 NOTE
r-patched-linux-x86_64 1.2.1 7.13 52.21 59.34 NOTE
r-release-linux-x86_64 1.2.1 6.75 52.09 58.84 NOTE
r-release-macos-arm64 1.2.1 29.00 NOTE
r-release-macos-x86_64 1.2.1 55.00 NOTE
r-release-windows-x86_64 1.2.1 10.00 73.00 83.00 NOTE
r-oldrel-macos-arm64 1.2.1 31.00 NOTE
r-oldrel-macos-x86_64 1.2.1 42.00 NOTE
r-oldrel-windows-x86_64 1.2.1 14.00 83.00 97.00 NOTE

Check Details

Version: 1.2.1
Check: Rd files
Result: NOTE checkRd: (-1) dtmvnom.Rd:30: Escaped LaTeX specials: \& Flavors: r-devel-linux-x86_64-debian-clang, r-devel-linux-x86_64-debian-gcc, r-devel-linux-x86_64-fedora-clang, r-devel-linux-x86_64-fedora-gcc, r-devel-windows-x86_64, r-patched-linux-x86_64, r-release-linux-x86_64, r-release-macos-arm64, r-release-macos-x86_64, r-release-windows-x86_64, r-oldrel-macos-arm64, r-oldrel-macos-x86_64, r-oldrel-windows-x86_64