Last updated on 2025-04-28 18:50:05 CEST.
Flavor | Version | Tinstall | Tcheck | Ttotal | Status | Flags |
---|---|---|---|---|---|---|
r-devel-linux-x86_64-debian-clang | 2.0-3 | 16.57 | 64.14 | 80.71 | OK | |
r-devel-linux-x86_64-debian-gcc | 2.0-3 | 10.30 | 45.18 | 55.48 | NOTE | |
r-devel-linux-x86_64-fedora-clang | 2.0-3 | 126.15 | OK | |||
r-devel-linux-x86_64-fedora-gcc | 2.0-3 | 119.13 | OK | |||
r-devel-windows-x86_64 | 2.0-3 | 24.00 | 92.00 | 116.00 | OK | |
r-patched-linux-x86_64 | 2.0-3 | 14.10 | 61.46 | 75.56 | OK | |
r-release-linux-x86_64 | 2.0-3 | 12.84 | 60.88 | 73.72 | OK | |
r-release-macos-arm64 | 2.0-3 | 40.00 | OK | |||
r-release-macos-x86_64 | 2.0-3 | 71.00 | OK | |||
r-release-windows-x86_64 | 2.0-3 | 26.00 | 90.00 | 116.00 | OK | |
r-oldrel-macos-arm64 | 2.0-3 | 40.00 | OK | |||
r-oldrel-macos-x86_64 | 2.0-3 | 61.00 | OK | |||
r-oldrel-windows-x86_64 | 2.0-3 | 24.00 | 109.00 | 133.00 | OK |
Version: 2.0-3
Check: CRAN incoming feasibility
Result: NOTE
Maintainer: ‘M. Helena Goncalves <mhgoncal@ualg.pt>’
No Authors@R field in DESCRIPTION.
Please add one, modifying
Authors@R: c(person(given = c("M.", "Helena"),
family = "Goncalves",
role = c("aut", "cre"),
email = "mhgoncal@ualg.pt"),
person(given = c("M.", "Salome"),
family = "Cabral",
role = "aut"),
person(given = c("apart", "from", "a", "set", "of", "Fortran-77", "subroutines", "written", "by", "R."),
family = "Piessens",
role = "aut"),
person(given = "E.",
family = "de Doncker",
role = "aut"),
person(given = c("belonging", "to", "the", "suite"),
family = "\"Quadpack\".",
role = "aut"))
as necessary.
Package CITATION file contains call(s) to old-style personList() or
as.personList(). Please use c() on person objects instead.
Flavor: r-devel-linux-x86_64-debian-gcc