CRAN Package Check Results for Package colormap

Last updated on 2025-07-05 07:49:22 CEST.

Flavor Version Tinstall Tcheck Ttotal Status Flags
r-devel-linux-x86_64-debian-clang 0.1.4 2.15 29.31 31.46 OK
r-devel-linux-x86_64-debian-gcc 0.1.4 1.91 23.81 25.72 OK
r-devel-linux-x86_64-fedora-clang 0.1.4 47.15 OK
r-devel-linux-x86_64-fedora-gcc 0.1.4 46.89 OK
r-devel-windows-x86_64 0.1.4 4.00 47.00 51.00 OK
r-patched-linux-x86_64 0.1.4 2.40 28.02 30.42 OK
r-release-linux-x86_64 0.1.4 2.42 27.71 30.13 OK
r-release-macos-arm64 0.1.4 23.00 OK
r-release-macos-x86_64 0.1.4 32.00 OK
r-release-windows-x86_64 0.1.4 5.00 48.00 53.00 OK
r-oldrel-macos-arm64 0.1.4 20.00 NOTE
r-oldrel-macos-x86_64 0.1.4 28.00 NOTE
r-oldrel-windows-x86_64 0.1.4 5.00 55.00 60.00 NOTE

Check Details

Version: 0.1.4
Check: LazyData
Result: NOTE 'LazyData' is specified without a 'data' directory Flavors: r-oldrel-macos-arm64, r-oldrel-macos-x86_64, r-oldrel-windows-x86_64