CRAN Package Check Results for Package compareC

Last updated on 2025-04-28 18:50:05 CEST.

Flavor Version Tinstall Tcheck Ttotal Status Flags
r-devel-linux-x86_64-debian-clang 1.3.2 2.09 25.78 27.87 OK
r-devel-linux-x86_64-debian-gcc 1.3.2 1.81 24.47 26.28 NOTE
r-devel-linux-x86_64-fedora-clang 1.3.2 44.49 NOTE
r-devel-linux-x86_64-fedora-gcc 1.3.2 49.13 NOTE
r-devel-windows-x86_64 1.3.2 6.00 49.00 55.00 OK
r-patched-linux-x86_64 1.3.2 2.14 29.46 31.60 OK
r-release-linux-x86_64 1.3.2 2.37 29.05 31.42 OK
r-release-macos-arm64 1.3.2 21.00 OK
r-release-macos-x86_64 1.3.2 34.00 OK
r-release-windows-x86_64 1.3.2 5.00 53.00 58.00 OK
r-oldrel-macos-arm64 1.3.2 24.00 OK
r-oldrel-macos-x86_64 1.3.2 28.00 OK
r-oldrel-windows-x86_64 1.3.2 5.00 46.00 51.00 OK

Check Details

Version: 1.3.2
Check: CRAN incoming feasibility
Result: NOTE Maintainer: ‘Le Kang <Le.Kang@vcuhealth.org>’ No Authors@R field in DESCRIPTION. Please add one, modifying Authors@R: c(person(family = "Le Kang", role = c("aut", "cre"), email = "le.kang@vcuhealth.org"), person(given = "Weijie", family = "Chen", role = "aut")) as necessary. Problems when reading CITATION file: It is recommended to use ‘given’ instead of ‘middle’. Flavor: r-devel-linux-x86_64-debian-gcc

Version: 1.3.2
Check: compiled code
Result: NOTE File ‘compareC/libs/compareC.so’: Found no calls to: ‘R_registerRoutines’, ‘R_useDynamicSymbols’ It is good practice to register native routines and to disable symbol search. See ‘Writing portable packages’ in the ‘Writing R Extensions’ manual. Flavors: r-devel-linux-x86_64-fedora-clang, r-devel-linux-x86_64-fedora-gcc