Last updated on 2025-07-04 19:50:16 CEST.
Flavor | Version | Tinstall | Tcheck | Ttotal | Status | Flags |
---|---|---|---|---|---|---|
r-devel-linux-x86_64-debian-clang | 0.1.1 | 14.04 | 73.26 | 87.30 | NOTE | |
r-devel-linux-x86_64-debian-gcc | 0.1.1 | 9.92 | 54.13 | 64.05 | NOTE | |
r-devel-linux-x86_64-fedora-clang | 0.1.1 | 135.65 | NOTE | |||
r-devel-linux-x86_64-fedora-gcc | 0.1.1 | 139.99 | NOTE | |||
r-devel-windows-x86_64 | 0.1.1 | 16.00 | 100.00 | 116.00 | NOTE | |
r-patched-linux-x86_64 | 0.1.1 | 14.62 | 66.09 | 80.71 | NOTE | |
r-release-linux-x86_64 | 0.1.1 | 12.50 | 65.56 | 78.06 | NOTE | |
r-release-macos-arm64 | 0.1.1 | 50.00 | NOTE | |||
r-release-macos-x86_64 | 0.1.1 | 100.00 | NOTE | |||
r-release-windows-x86_64 | 0.1.1 | 20.00 | 100.00 | 120.00 | NOTE | |
r-oldrel-macos-arm64 | 0.1.1 | 53.00 | NOTE | |||
r-oldrel-macos-x86_64 | 0.1.1 | 89.00 | NOTE | |||
r-oldrel-windows-x86_64 | 0.1.1 | 22.00 | 121.00 | 143.00 | NOTE |
Version: 0.1.1
Check: Rd files
Result: NOTE
checkRd: (-1) keener.Rd:82: Lost braces; missing escapes or markup?
82 | a_{ij} = (S_ij + 1) / (S_ij + S_ji + 2). This step should make comparing
| ^
Flavors: r-devel-linux-x86_64-debian-clang, r-devel-linux-x86_64-debian-gcc, r-devel-linux-x86_64-fedora-clang, r-devel-linux-x86_64-fedora-gcc, r-devel-windows-x86_64, r-patched-linux-x86_64, r-release-linux-x86_64, r-release-macos-arm64, r-release-macos-x86_64, r-release-windows-x86_64, r-oldrel-macos-arm64, r-oldrel-macos-x86_64, r-oldrel-windows-x86_64