Last updated on 2025-04-29 06:49:39 CEST.
Flavor | Version | Tinstall | Tcheck | Ttotal | Status | Flags |
---|---|---|---|---|---|---|
r-devel-linux-x86_64-debian-clang | 0.1.5 | 2.25 | 63.56 | 65.81 | OK | |
r-devel-linux-x86_64-debian-gcc | 0.1.5 | 1.77 | 42.24 | 44.01 | NOTE | |
r-devel-linux-x86_64-fedora-clang | 0.1.5 | 108.95 | OK | |||
r-devel-linux-x86_64-fedora-gcc | 0.1.5 | 116.27 | OK | |||
r-devel-windows-x86_64 | 0.1.5 | 3.00 | 114.00 | 117.00 | OK | |
r-patched-linux-x86_64 | 0.1.5 | 2.61 | 58.55 | 61.16 | OK | |
r-release-linux-x86_64 | 0.1.5 | 2.31 | 59.69 | 62.00 | OK | |
r-release-macos-arm64 | 0.1.5 | 46.00 | OK | |||
r-release-macos-x86_64 | 0.1.5 | 81.00 | OK | |||
r-release-windows-x86_64 | 0.1.5 | 4.00 | 118.00 | 122.00 | OK | |
r-oldrel-macos-arm64 | 0.1.5 | 38.00 | OK | |||
r-oldrel-macos-x86_64 | 0.1.5 | 60.00 | OK | |||
r-oldrel-windows-x86_64 | 0.1.5 | 4.00 | 125.00 | 129.00 | OK |
Version: 0.1.5
Check: CRAN incoming feasibility
Result: NOTE
Maintainer: ‘Zoltan Botta-Dukat <botta-dukat.zoltan@okologia.mta.hu>’
No Authors@R field in DESCRIPTION.
Please add one, modifying
Authors@R: person(given = "Zoltan",
family = "Botta-Dukat",
role = c("aut", "cre"),
email = "botta-dukat.zoltan@okologia.mta.hu")
as necessary.
Flavor: r-devel-linux-x86_64-debian-gcc