Last updated on 2025-04-28 18:50:06 CEST.
Flavor | Version | Tinstall | Tcheck | Ttotal | Status | Flags |
---|---|---|---|---|---|---|
r-devel-linux-x86_64-debian-clang | 1.3 | 5.64 | 46.16 | 51.80 | OK | |
r-devel-linux-x86_64-debian-gcc | 1.3 | 5.16 | 36.86 | 42.02 | NOTE | |
r-devel-linux-x86_64-fedora-clang | 1.3 | 82.70 | OK | |||
r-devel-linux-x86_64-fedora-gcc | 1.3 | 77.12 | OK | |||
r-devel-windows-x86_64 | 1.3 | 8.00 | 69.00 | 77.00 | OK | |
r-patched-linux-x86_64 | 1.3 | 5.46 | 48.95 | 54.41 | OK | |
r-release-linux-x86_64 | 1.3 | 6.06 | 48.63 | 54.69 | OK | |
r-release-macos-arm64 | 1.3 | 31.00 | OK | |||
r-release-macos-x86_64 | 1.3 | 65.00 | OK | |||
r-release-windows-x86_64 | 1.3 | 9.00 | 69.00 | 78.00 | OK | |
r-oldrel-macos-arm64 | 1.3 | 27.00 | OK | |||
r-oldrel-macos-x86_64 | 1.3 | 40.00 | OK | |||
r-oldrel-windows-x86_64 | 1.3 | 9.00 | 81.00 | 90.00 | OK |
Version: 1.3
Check: CRAN incoming feasibility
Result: NOTE
Maintainer: ‘Daniel M. Griffith <griffith.dan@gmail.com>’
No Authors@R field in DESCRIPTION.
Please add one, modifying
Authors@R: c(person(given = c("Daniel", "M."),
family = "Griffith",
role = c("aut", "cre"),
email = "griffith.dan@gmail.com"),
person(given = c("Joseph", "A."),
family = "Veech",
role = "aut"),
person(given = c("Charles", "J."),
family = "Marsh",
role = "aut"))
as necessary.
File 'R/cooccur-internal.R' sets .Random.seed.
This is usually neither needed nor wanted.
Flavor: r-devel-linux-x86_64-debian-gcc