Last updated on 2025-04-28 18:50:06 CEST.
Flavor | Version | Tinstall | Tcheck | Ttotal | Status | Flags |
---|---|---|---|---|---|---|
r-devel-linux-x86_64-debian-clang | 1.2.0 | 2.40 | 29.92 | 32.32 | OK | |
r-devel-linux-x86_64-debian-gcc | 1.2.0 | 2.04 | 25.14 | 27.18 | NOTE | |
r-devel-linux-x86_64-fedora-clang | 1.2.0 | 51.71 | OK | |||
r-devel-linux-x86_64-fedora-gcc | 1.2.0 | 64.41 | OK | |||
r-devel-windows-x86_64 | 1.2.0 | 4.00 | 58.00 | 62.00 | OK | |
r-patched-linux-x86_64 | 1.2.0 | 2.53 | 29.07 | 31.60 | OK | |
r-release-linux-x86_64 | 1.2.0 | 2.51 | 28.87 | 31.38 | OK | |
r-release-macos-arm64 | 1.2.0 | 32.00 | OK | |||
r-release-macos-x86_64 | 1.2.0 | 54.00 | OK | |||
r-release-windows-x86_64 | 1.2.0 | 3.00 | 57.00 | 60.00 | OK | |
r-oldrel-macos-arm64 | 1.2.0 | 70.00 | OK | |||
r-oldrel-macos-x86_64 | 1.2.0 | 99.00 | OK | |||
r-oldrel-windows-x86_64 | 1.2.0 | 4.00 | 58.00 | 62.00 | OK |
Version: 1.2.0
Check: examples
Result: NOTE
Examples with CPU (user + system) or elapsed time > 5s
user system elapsed
say 0.134 0.024 22.121
Flavor: r-devel-linux-x86_64-debian-gcc