Last updated on 2025-04-28 18:50:06 CEST.
Flavor | Version | Tinstall | Tcheck | Ttotal | Status | Flags |
---|---|---|---|---|---|---|
r-devel-linux-x86_64-debian-clang | 1.0.2 | 4.69 | 39.75 | 44.44 | OK | |
r-devel-linux-x86_64-debian-gcc | 1.0.2 | 3.80 | 31.77 | 35.57 | NOTE | |
r-devel-linux-x86_64-fedora-clang | 1.0.2 | 70.37 | OK | |||
r-devel-linux-x86_64-fedora-gcc | 1.0.2 | 67.29 | OK | |||
r-devel-windows-x86_64 | 1.0.2 | 7.00 | 62.00 | 69.00 | OK | |
r-patched-linux-x86_64 | 1.0.2 | 5.89 | 42.30 | 48.19 | OK | |
r-release-linux-x86_64 | 1.0.2 | 5.82 | 42.49 | 48.31 | OK | |
r-release-macos-arm64 | 1.0.2 | 30.00 | OK | |||
r-release-macos-x86_64 | 1.0.2 | 40.00 | OK | |||
r-release-windows-x86_64 | 1.0.2 | 7.00 | 59.00 | 66.00 | OK | |
r-oldrel-macos-arm64 | 1.0.2 | 25.00 | OK | |||
r-oldrel-macos-x86_64 | 1.0.2 | 35.00 | OK | |||
r-oldrel-windows-x86_64 | 1.0.2 | 9.00 | 69.00 | 78.00 | OK |
Version: 1.0.2
Check: CRAN incoming feasibility
Result: NOTE
Maintainer: ‘Ning Yilin <ningyilinnyl@gmail.com>’
No Authors@R field in DESCRIPTION.
Please add one, modifying
Authors@R: c(person(given = "Ning",
family = "Yilin",
role = c("aut", "cre"),
email = "ningyilinnyl@gmail.com"),
person(given = c("Tan", "Chuen"),
family = "Seng",
role = "aut"))
as necessary.
Flavor: r-devel-linux-x86_64-debian-gcc