Last updated on 2025-04-28 18:50:06 CEST.
Flavor | Version | Tinstall | Tcheck | Ttotal | Status | Flags |
---|---|---|---|---|---|---|
r-devel-linux-x86_64-debian-clang | 1.0.3 | 16.70 | 465.30 | 482.00 | OK | |
r-devel-linux-x86_64-debian-gcc | 1.0.3 | 10.77 | 307.45 | 318.22 | NOTE | |
r-devel-linux-x86_64-fedora-clang | 1.0.3 | 779.36 | OK | |||
r-devel-linux-x86_64-fedora-gcc | 1.0.3 | 780.27 | OK | |||
r-devel-windows-x86_64 | 1.0.3 | 18.00 | 357.00 | 375.00 | OK | |
r-patched-linux-x86_64 | 1.0.3 | 16.55 | 431.32 | 447.87 | OK | |
r-release-linux-x86_64 | 1.0.3 | 15.71 | 432.25 | 447.96 | OK | |
r-release-macos-arm64 | 1.0.3 | 175.00 | OK | |||
r-release-macos-x86_64 | 1.0.3 | 366.00 | OK | |||
r-release-windows-x86_64 | 1.0.3 | 18.00 | 362.00 | 380.00 | OK | |
r-oldrel-macos-arm64 | 1.0.3 | 148.00 | NOTE | |||
r-oldrel-macos-x86_64 | 1.0.3 | 244.00 | NOTE | |||
r-oldrel-windows-x86_64 | 1.0.3 | 22.00 | 504.00 | 526.00 | NOTE |
Version: 1.0.3
Check: CRAN incoming feasibility
Result: NOTE
Maintainer: ‘Aixiang Jiang <aijiang@bccrc.ca>’
No Authors@R field in DESCRIPTION.
Please add one, modifying
Authors@R: person(given = "Aixiang",
family = "Jiang",
role = c("aut", "cre", "cph"),
email = "aijiang@bccrc.ca",
comment = c(ORCID = "0000-0002-6153-7595"))
as necessary.
The Description field contains
<arXiv:1603.02754>, - Aoki et al. (2023) <doi:10.1200/JCO.23.01115>.
Please refer to arXiv e-prints via their arXiv DOI <doi:10.48550/arXiv.YYMM.NNNNN>.
Flavor: r-devel-linux-x86_64-debian-gcc
Version: 1.0.3
Check: examples
Result: NOTE
Examples with CPU (user + system) or elapsed time > 5s
user system elapsed
csmpvModelling 5.082 0.238 5.962
Flavor: r-devel-linux-x86_64-debian-gcc
Version: 1.0.3
Check: installed package size
Result: NOTE
installed size is 8.1Mb
sub-directories of 1Mb or more:
doc 7.9Mb
Flavors: r-oldrel-macos-arm64, r-oldrel-macos-x86_64, r-oldrel-windows-x86_64