Last updated on 2025-04-28 18:50:06 CEST.
Flavor | Version | Tinstall | Tcheck | Ttotal | Status | Flags |
---|---|---|---|---|---|---|
r-devel-linux-x86_64-debian-clang | 0.3.3 | 6.06 | 70.63 | 76.69 | OK | |
r-devel-linux-x86_64-debian-gcc | 0.3.3 | 5.44 | 56.25 | 61.69 | NOTE | |
r-devel-linux-x86_64-fedora-clang | 0.3.3 | 117.42 | OK | |||
r-devel-linux-x86_64-fedora-gcc | 0.3.3 | 128.33 | OK | |||
r-devel-windows-x86_64 | 0.3.3 | 8.00 | 87.00 | 95.00 | OK | |
r-patched-linux-x86_64 | 0.3.3 | 6.67 | 71.68 | 78.35 | OK | |
r-release-linux-x86_64 | 0.3.3 | 5.94 | 70.86 | 76.80 | OK | |
r-release-macos-arm64 | 0.3.3 | 45.00 | OK | |||
r-release-macos-x86_64 | 0.3.3 | 84.00 | OK | |||
r-release-windows-x86_64 | 0.3.3 | 9.00 | 88.00 | 97.00 | OK | |
r-oldrel-macos-arm64 | 0.3.3 | 42.00 | OK | |||
r-oldrel-macos-x86_64 | 0.3.3 | 64.00 | OK | |||
r-oldrel-windows-x86_64 | 0.3.3 | 10.00 | 107.00 | 117.00 | OK |
Version: 0.3.3
Check: CRAN incoming feasibility
Result: NOTE
Maintainer: ‘Caleb Lucas <calebjlucas@gmail.com>’
No Authors@R field in DESCRIPTION.
Please add one, modifying
Authors@R: c(person(given = "Caleb",
family = "Lucas",
role = c("aut", "cre"),
email = "calebjlucas@gmail.com",
comment = "https://caleblucas.com/"),
person(given = "Joshua",
family = "McCrain",
role = "aut",
comment = "http://joshuamccrain.com/"))
as necessary.
Flavor: r-devel-linux-x86_64-debian-gcc