CRAN Package Check Results for Package cubfits

Last updated on 2025-07-04 07:49:25 CEST.

Flavor Version Tinstall Tcheck Ttotal Status Flags
r-devel-linux-x86_64-debian-clang 0.1-4 10.27 67.76 78.03 NOTE
r-devel-linux-x86_64-debian-gcc 0.1-4 7.35 49.13 56.48 NOTE
r-devel-linux-x86_64-fedora-clang 0.1-4 123.87 OK
r-devel-linux-x86_64-fedora-gcc 0.1-4 125.44 OK
r-devel-windows-x86_64 0.1-4 22.00 112.00 134.00 OK
r-patched-linux-x86_64 0.1-4 11.66 64.14 75.80 OK
r-release-linux-x86_64 0.1-4 10.10 64.26 74.36 OK
r-release-macos-arm64 0.1-4 50.00 OK
r-release-macos-x86_64 0.1-4 89.00 OK
r-release-windows-x86_64 0.1-4 24.00 112.00 136.00 OK
r-oldrel-macos-arm64 0.1-4 45.00 NOTE
r-oldrel-macos-x86_64 0.1-4 67.00 NOTE
r-oldrel-windows-x86_64 0.1-4 27.00 119.00 146.00 OK

Check Details

Version: 0.1-4
Check: CRAN incoming feasibility
Result: NOTE Maintainer: ‘Wei-Chen Chen <wccsnow@gmail.com>’ Package CITATION file contains call(s) to old-style personList() or as.personList(). Please use c() on person objects instead. Package CITATION file contains call(s) to old-style citEntry(). Please use bibentry() instead. Flavors: r-devel-linux-x86_64-debian-clang, r-devel-linux-x86_64-debian-gcc

Version: 0.1-4
Check: package dependencies
Result: NOTE Package which this enhances but not available for checking: ‘pbdMPI’ Flavors: r-oldrel-macos-arm64, r-oldrel-macos-x86_64