Last updated on 2025-04-28 18:50:06 CEST.
Flavor | Version | Tinstall | Tcheck | Ttotal | Status | Flags |
---|---|---|---|---|---|---|
r-devel-linux-x86_64-debian-clang | 0.1-4 | 10.76 | 66.38 | 77.14 | OK | |
r-devel-linux-x86_64-debian-gcc | 0.1-4 | 8.29 | 49.29 | 57.58 | NOTE | |
r-devel-linux-x86_64-fedora-clang | 0.1-4 | 122.58 | OK | |||
r-devel-linux-x86_64-fedora-gcc | 0.1-4 | 132.13 | OK | |||
r-devel-windows-x86_64 | 0.1-4 | 24.00 | 106.00 | 130.00 | OK | |
r-patched-linux-x86_64 | 0.1-4 | 12.10 | 65.18 | 77.28 | OK | |
r-release-linux-x86_64 | 0.1-4 | 10.57 | 64.71 | 75.28 | OK | |
r-release-macos-arm64 | 0.1-4 | 50.00 | OK | |||
r-release-macos-x86_64 | 0.1-4 | 89.00 | OK | |||
r-release-windows-x86_64 | 0.1-4 | 24.00 | 105.00 | 129.00 | OK | |
r-oldrel-macos-arm64 | 0.1-4 | 45.00 | NOTE | |||
r-oldrel-macos-x86_64 | 0.1-4 | 67.00 | NOTE | |||
r-oldrel-windows-x86_64 | 0.1-4 | 27.00 | 122.00 | 149.00 | OK |
Version: 0.1-4
Check: CRAN incoming feasibility
Result: NOTE
Maintainer: ‘Wei-Chen Chen <wccsnow@gmail.com>’
Package CITATION file contains call(s) to old-style personList() or
as.personList(). Please use c() on person objects instead.
Package CITATION file contains call(s) to old-style citEntry(). Please
use bibentry() instead.
Flavor: r-devel-linux-x86_64-debian-gcc
Version: 0.1-4
Check: package dependencies
Result: NOTE
Package which this enhances but not available for checking: ‘pbdMPI’
Flavors: r-oldrel-macos-arm64, r-oldrel-macos-x86_64