Last updated on 2025-04-28 18:50:06 CEST.
Flavor | Version | Tinstall | Tcheck | Ttotal | Status | Flags |
---|---|---|---|---|---|---|
r-devel-linux-x86_64-debian-clang | 0.1.0 | 8.20 | 66.48 | 74.68 | OK | |
r-devel-linux-x86_64-debian-gcc | 0.1.0 | 5.67 | 51.50 | 57.17 | NOTE | |
r-devel-linux-x86_64-fedora-clang | 0.1.1 | 67.94 | OK | |||
r-devel-linux-x86_64-fedora-gcc | 0.1.1 | 65.38 | OK | |||
r-devel-windows-x86_64 | 0.1.0 | 10.00 | 75.00 | 85.00 | OK | |
r-patched-linux-x86_64 | 0.1.0 | 8.21 | 63.23 | 71.44 | OK | |
r-release-linux-x86_64 | 0.1.0 | 7.68 | 64.35 | 72.03 | OK | |
r-release-macos-arm64 | 0.1.1 | 35.00 | OK | |||
r-release-macos-x86_64 | 0.1.1 | 60.00 | OK | |||
r-release-windows-x86_64 | 0.1.0 | 10.00 | 78.00 | 88.00 | OK | |
r-oldrel-macos-arm64 | 0.1.1 | 41.00 | NOTE | |||
r-oldrel-macos-x86_64 | 0.1.1 | 75.00 | NOTE | |||
r-oldrel-windows-x86_64 | 0.1.0 | 12.00 | 93.00 | 105.00 | OK |
Version: 0.1.0
Check: CRAN incoming feasibility
Result: NOTE
Maintainer: ‘Shishi Liu <liushishi_644@163.com>’
The Description field contains
and Jingxiao Zhang. (2021) <arXiv:2105.00966>.
Please refer to arXiv e-prints via their arXiv DOI <doi:10.48550/arXiv.YYMM.NNNNN>.
Flavor: r-devel-linux-x86_64-debian-gcc
Version: 0.1.1
Check: LazyData
Result: NOTE
'LazyData' is specified without a 'data' directory
Flavors: r-oldrel-macos-arm64, r-oldrel-macos-x86_64