Last updated on 2025-04-28 18:50:07 CEST.
Flavor | Version | Tinstall | Tcheck | Ttotal | Status | Flags |
---|---|---|---|---|---|---|
r-devel-linux-x86_64-debian-clang | 1.1.13 | 12.31 | 80.75 | 93.06 | OK | |
r-devel-linux-x86_64-debian-gcc | 1.1.13 | 7.73 | 60.41 | 68.14 | NOTE | |
r-devel-linux-x86_64-fedora-clang | 1.1.13 | 141.20 | OK | |||
r-devel-linux-x86_64-fedora-gcc | 1.1.13 | 135.95 | OK | |||
r-devel-windows-x86_64 | 1.1.13 | 13.00 | 92.00 | 105.00 | OK | |
r-patched-linux-x86_64 | 1.1.13 | 10.90 | 76.96 | 87.86 | OK | |
r-release-linux-x86_64 | 1.1.13 | 10.28 | 77.01 | 87.29 | OK | |
r-release-macos-arm64 | 1.1.13 | 39.00 | OK | |||
r-release-macos-x86_64 | 1.1.13 | 78.00 | OK | |||
r-release-windows-x86_64 | 1.1.13 | 12.00 | 90.00 | 102.00 | OK | |
r-oldrel-macos-arm64 | 1.1.13 | 43.00 | OK | |||
r-oldrel-macos-x86_64 | 1.1.13 | 59.00 | OK | |||
r-oldrel-windows-x86_64 | 1.1.13 | 17.00 | 116.00 | 133.00 | OK |
Version: 1.1.13
Check: CRAN incoming feasibility
Result: NOTE
Maintainer: ‘Haydar Demirhan <haydar.demirhan@rmit.edu.au>’
No Authors@R field in DESCRIPTION.
Please add one, modifying
Authors@R: person(given = "Haydar",
family = "Demirhan",
role = c("aut", "cre", "cph"),
email = "haydar.demirhan@rmit.edu.au",
comment = c(ORCID = "0000-0002-8565-4710"))
as necessary.
Flavor: r-devel-linux-x86_64-debian-gcc