Last updated on 2025-04-28 18:50:07 CEST.
Flavor | Version | Tinstall | Tcheck | Ttotal | Status | Flags |
---|---|---|---|---|---|---|
r-devel-linux-x86_64-debian-clang | 2.0-1 | 2.28 | 22.43 | 24.71 | OK | |
r-devel-linux-x86_64-debian-gcc | 2.0-1 | 1.75 | 18.60 | 20.35 | NOTE | |
r-devel-linux-x86_64-fedora-clang | 2.0-1 | 38.10 | OK | |||
r-devel-linux-x86_64-fedora-gcc | 2.0-1 | 37.05 | OK | |||
r-devel-windows-x86_64 | 2.0-1 | 4.00 | 45.00 | 49.00 | OK | |
r-patched-linux-x86_64 | 2.0-1 | 2.53 | 21.81 | 24.34 | OK | |
r-release-linux-x86_64 | 2.0-1 | 2.38 | 21.65 | 24.03 | OK | |
r-release-macos-arm64 | 2.0-1 | 20.00 | OK | |||
r-release-macos-x86_64 | 2.0-1 | 26.00 | OK | |||
r-release-windows-x86_64 | 2.0-1 | 4.00 | 44.00 | 48.00 | OK | |
r-oldrel-macos-arm64 | 2.0-1 | 17.00 | OK | |||
r-oldrel-macos-x86_64 | 2.0-1 | 27.00 | OK | |||
r-oldrel-windows-x86_64 | 2.0-1 | 5.00 | 48.00 | 53.00 | OK |
Version: 2.0-1
Check: CRAN incoming feasibility
Result: NOTE
Maintainer: ‘Zhibing He <zhibingh@asu.edu>’
No Authors@R field in DESCRIPTION.
Please add one, modifying
Authors@R: person(given = "Zhibing",
family = "He",
role = c("aut", "cre"),
email = "zhibingh@asu.edu")
as necessary.
Flavor: r-devel-linux-x86_64-debian-gcc