Last updated on 2025-04-28 18:50:06 CEST.
Flavor | Version | Tinstall | Tcheck | Ttotal | Status | Flags |
---|---|---|---|---|---|---|
r-devel-linux-x86_64-debian-clang | 2.18.6 | 9.98 | 139.39 | 149.37 | OK | |
r-devel-linux-x86_64-debian-gcc | 2.18.6 | 6.76 | 102.80 | 109.56 | NOTE | |
r-devel-linux-x86_64-fedora-clang | 2.18.6 | 231.43 | OK | |||
r-devel-linux-x86_64-fedora-gcc | 2.18.6 | 259.06 | OK | |||
r-devel-windows-x86_64 | 2.18.6 | 14.00 | 205.00 | 219.00 | OK | |
r-patched-linux-x86_64 | 2.18.6 | 14.12 | 134.52 | 148.64 | OK | |
r-release-linux-x86_64 | 2.18.6 | 9.89 | 133.47 | 143.36 | OK | |
r-release-macos-arm64 | 2.18.6 | 120.00 | OK | |||
r-release-macos-x86_64 | 2.18.6 | 213.00 | OK | |||
r-release-windows-x86_64 | 2.18.6 | 14.00 | 203.00 | 217.00 | OK | |
r-oldrel-macos-arm64 | 2.18.6 | 87.00 | OK | |||
r-oldrel-macos-x86_64 | 2.18.6 | 137.00 | OK | |||
r-oldrel-windows-x86_64 | 2.18.6 | 17.00 | 230.00 | 247.00 | OK |
Version: 2.18.6
Check: CRAN incoming feasibility
Result: NOTE
Maintainer: ‘AJ Alon <api-maintainer@datarobot.com>’
No Authors@R field in DESCRIPTION.
Please add one, modifying
Authors@R: c(person(given = "Ron",
family = "Pearson",
role = "aut"),
person(given = "Zachary",
family = "Deane-Mayer",
role = "aut"),
person(given = "David",
family = "Chudzicki",
role = "aut"),
person(given = "Dallin",
family = "Akagi",
role = "aut"),
person(given = "Sergey",
family = "Yurgenson",
role = "aut"),
person(given = c("Thakur", "Raj"),
family = "Anand",
role = "aut"),
person(given = "Peter",
family = "Hurford",
role = "aut"),
person(given = "Chester",
family = "Ismay",
role = "aut"),
person(given = "AJ",
family = "Alon",
role = c("aut", "cre"),
email = "api-maintainer@datarobot.com"),
person(given = "Andrew",
family = "Watson",
role = "aut"),
person(given = "Gregory",
family = "Williams",
role = "aut"),
person(given = "Anastasiia",
family = "Tamazlykar",
role = "ctb"),
person(given = "Mykhailo",
family = "Poliakov",
role = "ctb"),
person(family = "DataRobot"),
person(family = "Inc.",
role = "cph"))
as necessary.
Flavor: r-devel-linux-x86_64-debian-gcc