CRAN Package Check Results for Package dblr

Last updated on 2025-07-03 19:50:26 CEST.

Flavor Version Tinstall Tcheck Ttotal Status Flags
r-devel-linux-x86_64-debian-clang 0.1.0 6.72 57.96 64.68 NOTE
r-devel-linux-x86_64-debian-gcc 0.1.0 5.10 45.20 50.30 NOTE
r-devel-linux-x86_64-fedora-clang 0.1.0 96.77 OK
r-devel-linux-x86_64-fedora-gcc 0.1.0 89.52 OK
r-devel-windows-x86_64 0.1.0 7.00 64.00 71.00 OK
r-patched-linux-x86_64 0.1.0 6.46 55.40 61.86 OK
r-release-linux-x86_64 0.1.0 5.67 55.45 61.12 OK
r-release-macos-arm64 0.1.0 31.00 OK
r-release-macos-x86_64 0.1.0 52.00 OK
r-release-windows-x86_64 0.1.0 8.00 68.00 76.00 OK
r-oldrel-macos-arm64 0.1.0 29.00 NOTE
r-oldrel-macos-x86_64 0.1.0 42.00 NOTE
r-oldrel-windows-x86_64 0.1.0 9.00 76.00 85.00 NOTE

Check Details

Version: 0.1.0
Check: CRAN incoming feasibility
Result: NOTE Maintainer: ‘Nailong Zhang <setseed2016@gmail.com>’ No Authors@R field in DESCRIPTION. Please add one, modifying Authors@R: person(given = "Nailong", family = "Zhang", role = c("aut", "cre"), email = "setseed2016@gmail.com") as necessary. Flavors: r-devel-linux-x86_64-debian-clang, r-devel-linux-x86_64-debian-gcc

Version: 0.1.0
Check: LazyData
Result: NOTE 'LazyData' is specified without a 'data' directory Flavors: r-oldrel-macos-arm64, r-oldrel-macos-x86_64, r-oldrel-windows-x86_64