Last updated on 2025-04-28 18:50:06 CEST.
Flavor | Version | Tinstall | Tcheck | Ttotal | Status | Flags |
---|---|---|---|---|---|---|
r-devel-linux-x86_64-debian-clang | 0.1.0 | 6.88 | 57.11 | 63.99 | OK | |
r-devel-linux-x86_64-debian-gcc | 0.1.0 | 4.99 | 42.81 | 47.80 | NOTE | |
r-devel-linux-x86_64-fedora-clang | 0.1.0 | 102.00 | OK | |||
r-devel-linux-x86_64-fedora-gcc | 0.1.0 | 115.31 | OK | |||
r-devel-windows-x86_64 | 0.1.0 | 8.00 | 66.00 | 74.00 | OK | |
r-patched-linux-x86_64 | 0.1.0 | 6.76 | 53.84 | 60.60 | OK | |
r-release-linux-x86_64 | 0.1.0 | 6.08 | 52.71 | 58.79 | OK | |
r-release-macos-arm64 | 0.1.0 | 31.00 | OK | |||
r-release-macos-x86_64 | 0.1.0 | 52.00 | OK | |||
r-release-windows-x86_64 | 0.1.0 | 7.00 | 65.00 | 72.00 | OK | |
r-oldrel-macos-arm64 | 0.1.0 | 29.00 | NOTE | |||
r-oldrel-macos-x86_64 | 0.1.0 | 42.00 | NOTE | |||
r-oldrel-windows-x86_64 | 0.1.0 | 10.00 | 80.00 | 90.00 | NOTE |
Version: 0.1.0
Check: CRAN incoming feasibility
Result: NOTE
Maintainer: ‘Nailong Zhang <setseed2016@gmail.com>’
No Authors@R field in DESCRIPTION.
Please add one, modifying
Authors@R: person(given = "Nailong",
family = "Zhang",
role = c("aut", "cre"),
email = "setseed2016@gmail.com")
as necessary.
Flavor: r-devel-linux-x86_64-debian-gcc
Version: 0.1.0
Check: LazyData
Result: NOTE
'LazyData' is specified without a 'data' directory
Flavors: r-oldrel-macos-arm64, r-oldrel-macos-x86_64, r-oldrel-windows-x86_64