Last updated on 2025-04-29 06:49:40 CEST.
Flavor | Version | Tinstall | Tcheck | Ttotal | Status | Flags |
---|---|---|---|---|---|---|
r-devel-linux-x86_64-debian-clang | 0.1.1 | 87.12 | 22.88 | 110.00 | OK | |
r-devel-linux-x86_64-debian-gcc | 0.1.1 | 55.86 | 18.31 | 74.17 | NOTE | |
r-devel-linux-x86_64-fedora-clang | 0.1.1 | 232.25 | OK | |||
r-devel-linux-x86_64-fedora-gcc | 0.1.1 | 199.02 | OK | |||
r-devel-windows-x86_64 | 0.1.1 | 100.00 | 66.00 | 166.00 | OK | |
r-patched-linux-x86_64 | 0.1.1 | 82.34 | 22.59 | 104.93 | OK | |
r-release-linux-x86_64 | 0.1.1 | 84.23 | 22.70 | 106.93 | OK | |
r-release-macos-arm64 | 0.1.1 | 53.00 | OK | |||
r-release-macos-x86_64 | 0.1.1 | 65.00 | OK | |||
r-release-windows-x86_64 | 0.1.1 | 99.00 | 63.00 | 162.00 | OK | |
r-oldrel-macos-arm64 | 0.1.1 | 44.00 | NOTE | |||
r-oldrel-macos-x86_64 | 0.1.1 | 48.00 | NOTE | |||
r-oldrel-windows-x86_64 | 0.1.1 | 91.00 | 74.00 | 165.00 | NOTE |
Version: 0.1.1
Check: CRAN incoming feasibility
Result: NOTE
Maintainer: ‘Hang Weiqiang <e0010758@u.nus.edu>’
No Authors@R field in DESCRIPTION.
Please add one, modifying
Authors@R: person(given = "Hang",
family = "Weiqiang",
role = c("aut", "cre"),
email = "e0010758@u.nus.edu")
as necessary.
Flavor: r-devel-linux-x86_64-debian-gcc
Version: 0.1.1
Check: LazyData
Result: NOTE
'LazyData' is specified without a 'data' directory
Flavors: r-oldrel-macos-arm64, r-oldrel-macos-x86_64, r-oldrel-windows-x86_64