Last updated on 2025-07-03 19:50:26 CEST.
Flavor | Version | Tinstall | Tcheck | Ttotal | Status | Flags |
---|---|---|---|---|---|---|
r-devel-linux-x86_64-debian-clang | 0.1.0 | 14.62 | 112.21 | 126.83 | OK | |
r-devel-linux-x86_64-debian-gcc | 0.1.0 | 10.58 | 82.14 | 92.72 | OK | |
r-devel-linux-x86_64-fedora-clang | 0.1.0 | 197.48 | NOTE | |||
r-devel-linux-x86_64-fedora-gcc | 0.1.0 | 190.86 | NOTE | |||
r-devel-windows-x86_64 | 0.1.0 | 16.00 | 112.00 | 128.00 | OK | |
r-patched-linux-x86_64 | 0.1.0 | 13.80 | 103.02 | 116.82 | OK | |
r-release-linux-x86_64 | 0.1.0 | 12.35 | 103.33 | 115.68 | OK | |
r-release-macos-arm64 | 0.1.0 | 51.00 | OK | |||
r-release-macos-x86_64 | 0.1.0 | 92.00 | OK | |||
r-release-windows-x86_64 | 0.1.0 | 15.00 | 113.00 | 128.00 | OK | |
r-oldrel-macos-arm64 | 0.1.0 | 50.00 | OK | |||
r-oldrel-macos-x86_64 | 0.1.0 | 73.00 | OK | |||
r-oldrel-windows-x86_64 | 0.1.0 | 21.00 | 139.00 | 160.00 | OK |
Version: 0.1.0
Check: dependencies in R code
Result: NOTE
Namespaces in Imports field not imported from:
‘reticulate’ ‘tensorflow’
All declared Imports should be used.
Flavors: r-devel-linux-x86_64-fedora-clang, r-devel-linux-x86_64-fedora-gcc